{"id":3788,"date":"2023-11-21T11:35:37","date_gmt":"2023-11-21T10:35:37","guid":{"rendered":"https:\/\/com-pac.ovh\/haarp\/?page_id=3788"},"modified":"2024-01-16T14:32:40","modified_gmt":"2024-01-16T13:32:40","slug":"notre-organigramme","status":"publish","type":"page","link":"https:\/\/com-pac.ovh\/haarp\/notre-organigramme\/","title":{"rendered":"Notre organigramme"},"content":{"rendered":"\t\t<div data-elementor-type=\"wp-page\" data-elementor-id=\"3788\" class=\"elementor elementor-3788\" data-elementor-post-type=\"page\">\n\t\t\t\t\t\t<section class=\"elementor-section elementor-top-section elementor-element elementor-element-51652904 elementor-section-full_width header-titre-page elementor-section-height-default elementor-section-height-default wpr-particle-no wpr-jarallax-no wpr-parallax-no wpr-sticky-section-no wpr-equal-height-no\" data-id=\"51652904\" data-element_type=\"section\" data-e-type=\"section\" data-settings=\"{&quot;background_background&quot;:&quot;classic&quot;}\">\n\t\t\t\t\t\t\t<div class=\"elementor-background-overlay\"><\/div>\n\t\t\t\t\t\t\t<div class=\"elementor-container elementor-column-gap-default\">\n\t\t\t\t\t<div class=\"elementor-column elementor-col-100 elementor-top-column elementor-element elementor-element-7a5d5545\" data-id=\"7a5d5545\" data-element_type=\"column\" data-e-type=\"column\" data-settings=\"{&quot;background_background&quot;:&quot;classic&quot;}\">\n\t\t\t<div class=\"elementor-widget-wrap elementor-element-populated\">\n\t\t\t\t\t<div class=\"elementor-background-overlay\"><\/div>\n\t\t\t\t\t\t<div class=\"elementor-element elementor-element-433de1f7 elementor-widget elementor-widget-heading\" data-id=\"433de1f7\" data-element_type=\"widget\" data-e-type=\"widget\" data-widget_type=\"heading.default\">\n\t\t\t\t<div class=\"elementor-widget-container\">\n\t\t\t\t\t<h2 class=\"elementor-heading-title elementor-size-default\"><b>Notre organigramme<\/b><\/h2>\t\t\t\t<\/div>\n\t\t\t\t<\/div>\n\t\t\t\t\t<\/div>\n\t\t<\/div>\n\t\t\t\t\t<\/div>\n\t\t<\/section>\n\t\t\t\t<section class=\"elementor-section elementor-top-section elementor-element elementor-element-1611ab92 elementor-section-boxed elementor-section-height-default elementor-section-height-default wpr-particle-no wpr-jarallax-no wpr-parallax-no wpr-sticky-section-no wpr-equal-height-no\" data-id=\"1611ab92\" data-element_type=\"section\" data-e-type=\"section\" data-settings=\"{&quot;background_background&quot;:&quot;classic&quot;}\">\n\t\t\t\t\t\t<div class=\"elementor-container elementor-column-gap-default\">\n\t\t\t\t\t<div class=\"elementor-column elementor-col-100 elementor-top-column elementor-element elementor-element-56a4e182\" data-id=\"56a4e182\" data-element_type=\"column\" data-e-type=\"column\">\n\t\t\t<div class=\"elementor-widget-wrap elementor-element-populated\">\n\t\t\t\t\t\t<div class=\"elementor-element elementor-element-552ac6c3 elementor-align-left elementor-widget elementor-widget-breadcrumbs\" data-id=\"552ac6c3\" data-element_type=\"widget\" data-e-type=\"widget\" data-widget_type=\"breadcrumbs.default\">\n\t\t\t\t<div class=\"elementor-widget-container\">\n\t\t\t\t\t<p id=\"breadcrumbs\"><span><span><a href=\"https:\/\/com-pac.ovh\/haarp\/\">Accueil<\/a><\/span><\/span><\/p>\t\t\t\t<\/div>\n\t\t\t\t<\/div>\n\t\t\t\t\t<\/div>\n\t\t<\/div>\n\t\t\t\t\t<\/div>\n\t\t<\/section>\n\t\t\t\t<section class=\"elementor-section elementor-top-section elementor-element elementor-element-2321ca43 elementor-section-boxed elementor-section-height-default elementor-section-height-default wpr-particle-no wpr-jarallax-no wpr-parallax-no wpr-sticky-section-no wpr-equal-height-no\" data-id=\"2321ca43\" data-element_type=\"section\" data-e-type=\"section\" data-settings=\"{&quot;background_background&quot;:&quot;classic&quot;}\">\n\t\t\t\t\t\t<div class=\"elementor-container elementor-column-gap-default\">\n\t\t\t\t\t<div class=\"elementor-column elementor-col-100 elementor-top-column elementor-element elementor-element-285127ae\" data-id=\"285127ae\" data-element_type=\"column\" data-e-type=\"column\">\n\t\t\t<div class=\"elementor-widget-wrap elementor-element-populated\">\n\t\t\t\t\t\t<div class=\"elementor-element elementor-element-58a73077 intro-job elementor-widget elementor-widget-text-editor\" data-id=\"58a73077\" data-element_type=\"widget\" data-e-type=\"widget\" data-widget_type=\"text-editor.default\">\n\t\t\t\t<div class=\"elementor-widget-container\">\n\t\t\t\t\t\t\t\t\t<p>Les diff\u00e9rentes services regroupent des \u00e9quipes de professionnels qui coordonnent leurs actions et sont \u00e0 l&#8217;\u00e9coute des besoins des personnes prises en charge, attentives \u00e0 leurs demandes, dans le respect de leurs droits.<\/p><p>L&#8217;organisation en place s&#8217;engage dans une am\u00e9lioration continue de la qualit\u00e9 des prestations d\u00e9livr\u00e9es. <br \/>Chaque professionnel apporte son savoir-faire.<\/p>\t\t\t\t\t\t\t\t<\/div>\n\t\t\t\t<\/div>\n\t\t\t\t\t<\/div>\n\t\t<\/div>\n\t\t\t\t\t<\/div>\n\t\t<\/section>\n\t\t\t\t<section class=\"elementor-section elementor-top-section elementor-element elementor-element-4255cbd7 elementor-section-content-middle organigramme elementor-section-boxed elementor-section-height-default elementor-section-height-default wpr-particle-no wpr-jarallax-no wpr-parallax-no wpr-sticky-section-no wpr-equal-height-no\" data-id=\"4255cbd7\" data-element_type=\"section\" data-e-type=\"section\" data-settings=\"{&quot;background_background&quot;:&quot;classic&quot;}\">\n\t\t\t\t\t\t<div class=\"elementor-container elementor-column-gap-no\">\n\t\t\t\t\t<div class=\"elementor-column elementor-col-100 elementor-top-column elementor-element elementor-element-7817264c\" data-id=\"7817264c\" data-element_type=\"column\" data-e-type=\"column\">\n\t\t\t<div class=\"elementor-widget-wrap elementor-element-populated\">\n\t\t\t\t\t\t<div class=\"elementor-element elementor-element-cd6e201 elementor-widget elementor-widget-image\" data-id=\"cd6e201\" data-element_type=\"widget\" data-e-type=\"widget\" data-widget_type=\"image.default\">\n\t\t\t\t<div class=\"elementor-widget-container\">\n\t\t\t\t\t\t\t\t\t\t\t\t\t\t\t\t<a href=\"https:\/\/com-pac.ovh\/haarp\/wp-content\/uploads\/2023\/11\/organigramme-2021.jpg\" target=\"_blank\">\n\t\t\t\t\t\t\t<img fetchpriority=\"high\" decoding=\"async\" width=\"1105\" height=\"800\" src=\"https:\/\/com-pac.ovh\/haarp\/wp-content\/uploads\/2023\/11\/organigramme-2021.jpg\" class=\"attachment-full size-full wp-image-3795\" alt=\"\" srcset=\"https:\/\/com-pac.ovh\/haarp\/wp-content\/uploads\/2023\/11\/organigramme-2021.jpg 1105w, https:\/\/com-pac.ovh\/haarp\/wp-content\/uploads\/2023\/11\/organigramme-2021-300x217.jpg 300w, https:\/\/com-pac.ovh\/haarp\/wp-content\/uploads\/2023\/11\/organigramme-2021-1024x741.jpg 1024w, https:\/\/com-pac.ovh\/haarp\/wp-content\/uploads\/2023\/11\/organigramme-2021-768x556.jpg 768w\" sizes=\"(max-width: 1105px) 100vw, 1105px\" style=\"width:100%;height:72.4%;max-width:1105px\" \/>\t\t\t\t\t\t\t\t<\/a>\n\t\t\t\t\t\t\t\t\t\t\t\t\t\t\t<\/div>\n\t\t\t\t<\/div>\n\t\t\t\t\t<\/div>\n\t\t<\/div>\n\t\t\t\t\t<\/div>\n\t\t<\/section>\n\t\t\t\t<section class=\"elementor-section elementor-top-section elementor-element elementor-element-7e97d413 elementor-section-boxed elementor-section-height-default elementor-section-height-default wpr-particle-no wpr-jarallax-no wpr-parallax-no wpr-sticky-section-no wpr-equal-height-no\" data-id=\"7e97d413\" data-element_type=\"section\" data-e-type=\"section\" data-settings=\"{&quot;background_background&quot;:&quot;classic&quot;}\">\n\t\t\t\t\t\t<div class=\"elementor-container elementor-column-gap-wider\">\n\t\t\t\t\t<div class=\"elementor-column elementor-col-50 elementor-top-column elementor-element elementor-element-43532d3d newsletter-texte\" data-id=\"43532d3d\" data-element_type=\"column\" data-e-type=\"column\">\n\t\t\t<div class=\"elementor-widget-wrap elementor-element-populated\">\n\t\t\t\t\t\t<div class=\"elementor-element elementor-element-53e94208 elementor-widget elementor-widget-heading\" data-id=\"53e94208\" data-element_type=\"widget\" data-e-type=\"widget\" data-widget_type=\"heading.default\">\n\t\t\t\t<div class=\"elementor-widget-container\">\n\t\t\t\t\t<h2 class=\"elementor-heading-title elementor-size-default\">Inscrivez-vous \u00e0 notre newsletter<\/h2>\t\t\t\t<\/div>\n\t\t\t\t<\/div>\n\t\t\t\t<div class=\"elementor-element elementor-element-cca97c5 elementor-widget elementor-widget-text-editor\" data-id=\"cca97c5\" data-element_type=\"widget\" data-e-type=\"widget\" data-widget_type=\"text-editor.default\">\n\t\t\t\t<div class=\"elementor-widget-container\">\n\t\t\t\t\t\t\t\t\t<p>Restez connect\u00e9s \u00e0 l\u2019association HAARP<br \/>et recevez nos derni\u00e8res actualit\u00e9s.<\/p>\t\t\t\t\t\t\t\t<\/div>\n\t\t\t\t<\/div>\n\t\t\t\t\t<\/div>\n\t\t<\/div>\n\t\t\t\t<div class=\"elementor-column elementor-col-50 elementor-top-column elementor-element elementor-element-1feb5006 formulaire-newsletter\" data-id=\"1feb5006\" data-element_type=\"column\" data-e-type=\"column\">\n\t\t\t<div class=\"elementor-widget-wrap elementor-element-populated\">\n\t\t\t\t\t\t<div class=\"elementor-element elementor-element-6c3eba0c elementor-widget__width-initial elementor-mobile-button-align-center elementor-button-align-stretch elementor-widget elementor-widget-form\" data-id=\"6c3eba0c\" data-element_type=\"widget\" data-e-type=\"widget\" data-settings=\"{&quot;button_width&quot;:&quot;25&quot;,&quot;step_next_label&quot;:&quot;Suivant&quot;,&quot;step_previous_label&quot;:&quot;Pr\\u00e9c\\u00e9dent&quot;,&quot;button_width_mobile&quot;:&quot;100&quot;,&quot;step_type&quot;:&quot;number_text&quot;,&quot;step_icon_shape&quot;:&quot;circle&quot;}\" data-widget_type=\"form.default\">\n\t\t\t\t<div class=\"elementor-widget-container\">\n\t\t\t\t\t\t\t<form class=\"elementor-form\" method=\"post\" name=\"Newsletter inscription\" aria-label=\"Newsletter inscription\">\n\t\t\t<input type=\"hidden\" name=\"post_id\" value=\"3788\"\/>\n\t\t\t<input type=\"hidden\" name=\"form_id\" value=\"6c3eba0c\"\/>\n\t\t\t<input type=\"hidden\" name=\"referer_title\" value=\"Notre organigramme - HAARP\" \/>\n\n\t\t\t\t\t\t\t<input type=\"hidden\" name=\"queried_id\" value=\"3788\"\/>\n\t\t\t\n\t\t\t<div class=\"elementor-form-fields-wrapper elementor-labels-above\">\n\t\t\t\t\t\t\t\t<div class=\"elementor-field-type-email elementor-field-group elementor-column elementor-field-group-email elementor-col-70 elementor-sm-100 elementor-field-required\">\n\t\t\t\t\t\t\t\t\t\t\t\t\t<input size=\"1\" type=\"email\" name=\"form_fields[email]\" id=\"form-field-email\" class=\"elementor-field elementor-size-sm  elementor-field-textual\" placeholder=\"Saisisez votre e-mail\" required=\"required\">\n\t\t\t\t\t\t\t\t\t\t\t<\/div>\n\t\t\t\t\t\t\t\t<div class=\"elementor-field-group elementor-column elementor-field-type-submit elementor-col-25 e-form__buttons elementor-sm-100\">\n\t\t\t\t\t<button class=\"elementor-button elementor-size-sm\" type=\"submit\">\n\t\t\t\t\t\t<span class=\"elementor-button-content-wrapper\">\n\t\t\t\t\t\t\t\t\t\t\t\t\t\t\t\t\t\t\t\t\t\t<span class=\"elementor-button-text\">S'inscrire<\/span>\n\t\t\t\t\t\t\t\t\t\t\t\t\t<\/span>\n\t\t\t\t\t<\/button>\n\t\t\t\t<\/div>\n\t\t\t<\/div>\n\t\t<\/form>\n\t\t\t\t\t\t<\/div>\n\t\t\t\t<\/div>\n\t\t\t\t<div class=\"elementor-element elementor-element-25565e87 elementor-widget__width-initial elementor-widget elementor-widget-text-editor\" data-id=\"25565e87\" data-element_type=\"widget\" data-e-type=\"widget\" data-widget_type=\"text-editor.default\">\n\t\t\t\t<div class=\"elementor-widget-container\">\n\t\t\t\t\t\t\t\t\t<p>En vous inscrivant \u00e0 la newsletter, vous consentez \u00e0 ce que l&#8217;association HAARP, collecte vos donn\u00e9es afin de vous envoyer des communications par voie \u00e9lectronique. Vous pourrez vous d\u00e9sabonner \u00e0 tout moment. Pour faire valoir votre droit d\u2019acc\u00e8s, de rectification ou d\u2019effacement, consultez <a href=\"#\">nos mentions l\u00e9gales<\/a>.\u00a0<\/p>\t\t\t\t\t\t\t\t<\/div>\n\t\t\t\t<\/div>\n\t\t\t\t\t<\/div>\n\t\t<\/div>\n\t\t\t\t\t<\/div>\n\t\t<\/section>\n\t\t\t\t<\/div>\n\t\t","protected":false},"excerpt":{"rendered":"<p>Notre organigramme Les diff\u00e9rentes services regroupent des \u00e9quipes de professionnels qui coordonnent leurs actions et sont \u00e0 l&#8217;\u00e9coute des besoins des personnes prises en charge, attentives \u00e0 leurs demandes, dans le respect de leurs droits. L&#8217;organisation en place s&#8217;engage dans une am\u00e9lioration continue de la qualit\u00e9 des prestations d\u00e9livr\u00e9es. Chaque professionnel apporte son savoir-faire. Inscrivez-vous \u00e0 notre newsletter Restez connect\u00e9s \u00e0 l\u2019association HAARPet recevez nos derni\u00e8res actualit\u00e9s. En vous inscrivant \u00e0 la newsletter, vous consentez \u00e0 ce que l&#8217;association HAARP, collecte vos donn\u00e9es afin de vous envoyer des communications par voie \u00e9lectronique. Vous pourrez vous d\u00e9sabonner \u00e0 tout moment. Pour faire valoir votre droit d\u2019acc\u00e8s, de rectification ou d\u2019effacement, consultez nos mentions l\u00e9gales.\u00a0<\/p>\n","protected":false},"author":1,"featured_media":0,"parent":0,"menu_order":0,"comment_status":"closed","ping_status":"closed","template":"elementor_header_footer","meta":{"footnotes":""},"class_list":["post-3788","page","type-page","status-publish","hentry","entry"],"acf":[],"yoast_head":"<!-- This site is optimized with the Yoast SEO plugin v27.5 - https:\/\/yoast.com\/product\/yoast-seo-wordpress\/ -->\n<title>Notre organigramme - HAARP<\/title>\n<meta name=\"robots\" content=\"noindex, follow, max-snippet:-1, max-image-preview:large, max-video-preview:-1\" \/>\n<meta property=\"og:locale\" content=\"fr_FR\" \/>\n<meta property=\"og:type\" content=\"article\" \/>\n<meta property=\"og:title\" content=\"Notre organigramme - HAARP\" \/>\n<meta property=\"og:description\" content=\"Notre organigramme Les diff\u00e9rentes services regroupent des \u00e9quipes de professionnels qui coordonnent leurs actions et sont \u00e0 l&#8217;\u00e9coute des besoins des personnes prises en charge, attentives \u00e0 leurs demandes, dans le respect de leurs droits. L&#8217;organisation en place s&#8217;engage dans une am\u00e9lioration continue de la qualit\u00e9 des prestations d\u00e9livr\u00e9es. Chaque professionnel apporte son savoir-faire. Inscrivez-vous \u00e0 notre newsletter Restez connect\u00e9s \u00e0 l\u2019association HAARPet recevez nos derni\u00e8res actualit\u00e9s. En vous inscrivant \u00e0 la newsletter, vous consentez \u00e0 ce que l&#8217;association HAARP, collecte vos donn\u00e9es afin de vous envoyer des communications par voie \u00e9lectronique. Vous pourrez vous d\u00e9sabonner \u00e0 tout moment. Pour faire valoir votre droit d\u2019acc\u00e8s, de rectification ou d\u2019effacement, consultez nos mentions l\u00e9gales.\u00a0\" \/>\n<meta property=\"og:url\" content=\"https:\/\/com-pac.ovh\/haarp\/notre-organigramme\/\" \/>\n<meta property=\"og:site_name\" content=\"HAARP\" \/>\n<meta property=\"article:modified_time\" content=\"2024-01-16T13:32:40+00:00\" \/>\n<meta property=\"og:image\" content=\"https:\/\/com-pac.ovh\/haarp\/wp-content\/uploads\/2023\/11\/organigramme-2021.jpg\" \/>\n<meta name=\"twitter:card\" content=\"summary_large_image\" \/>\n<meta name=\"twitter:label1\" content=\"Dur\u00e9e de lecture estim\u00e9e\" \/>\n\t<meta name=\"twitter:data1\" content=\"1 minute\" \/>\n<script type=\"application\/ld+json\" class=\"yoast-schema-graph\">{\"@context\":\"https:\\\/\\\/schema.org\",\"@graph\":[{\"@type\":\"WebPage\",\"@id\":\"https:\\\/\\\/com-pac.ovh\\\/haarp\\\/notre-organigramme\\\/\",\"url\":\"https:\\\/\\\/com-pac.ovh\\\/haarp\\\/notre-organigramme\\\/\",\"name\":\"Notre organigramme - HAARP\",\"isPartOf\":{\"@id\":\"https:\\\/\\\/com-pac.ovh\\\/haarp\\\/#website\"},\"primaryImageOfPage\":{\"@id\":\"https:\\\/\\\/com-pac.ovh\\\/haarp\\\/notre-organigramme\\\/#primaryimage\"},\"image\":{\"@id\":\"https:\\\/\\\/com-pac.ovh\\\/haarp\\\/notre-organigramme\\\/#primaryimage\"},\"thumbnailUrl\":\"https:\\\/\\\/com-pac.ovh\\\/haarp\\\/wp-content\\\/uploads\\\/2023\\\/11\\\/organigramme-2021.jpg\",\"datePublished\":\"2023-11-21T10:35:37+00:00\",\"dateModified\":\"2024-01-16T13:32:40+00:00\",\"breadcrumb\":{\"@id\":\"https:\\\/\\\/com-pac.ovh\\\/haarp\\\/notre-organigramme\\\/#breadcrumb\"},\"inLanguage\":\"fr-FR\",\"potentialAction\":[{\"@type\":\"ReadAction\",\"target\":[\"https:\\\/\\\/com-pac.ovh\\\/haarp\\\/notre-organigramme\\\/\"]}]},{\"@type\":\"ImageObject\",\"inLanguage\":\"fr-FR\",\"@id\":\"https:\\\/\\\/com-pac.ovh\\\/haarp\\\/notre-organigramme\\\/#primaryimage\",\"url\":\"https:\\\/\\\/com-pac.ovh\\\/haarp\\\/wp-content\\\/uploads\\\/2023\\\/11\\\/organigramme-2021.jpg\",\"contentUrl\":\"https:\\\/\\\/com-pac.ovh\\\/haarp\\\/wp-content\\\/uploads\\\/2023\\\/11\\\/organigramme-2021.jpg\"},{\"@type\":\"BreadcrumbList\",\"@id\":\"https:\\\/\\\/com-pac.ovh\\\/haarp\\\/notre-organigramme\\\/#breadcrumb\",\"itemListElement\":[{\"@type\":\"ListItem\",\"position\":1,\"name\":\"Accueil\",\"item\":\"https:\\\/\\\/com-pac.ovh\\\/haarp\\\/\"},{\"@type\":\"ListItem\",\"position\":2,\"name\":\"Notre association > Notre organigramme\"}]},{\"@type\":\"WebSite\",\"@id\":\"https:\\\/\\\/com-pac.ovh\\\/haarp\\\/#website\",\"url\":\"https:\\\/\\\/com-pac.ovh\\\/haarp\\\/\",\"name\":\"HAARP\",\"description\":\"\",\"publisher\":{\"@id\":\"https:\\\/\\\/com-pac.ovh\\\/haarp\\\/#organization\"},\"potentialAction\":[{\"@type\":\"SearchAction\",\"target\":{\"@type\":\"EntryPoint\",\"urlTemplate\":\"https:\\\/\\\/com-pac.ovh\\\/haarp\\\/?s={search_term_string}\"},\"query-input\":{\"@type\":\"PropertyValueSpecification\",\"valueRequired\":true,\"valueName\":\"search_term_string\"}}],\"inLanguage\":\"fr-FR\"},{\"@type\":\"Organization\",\"@id\":\"https:\\\/\\\/com-pac.ovh\\\/haarp\\\/#organization\",\"name\":\"HAARP\",\"url\":\"https:\\\/\\\/com-pac.ovh\\\/haarp\\\/\",\"logo\":{\"@type\":\"ImageObject\",\"inLanguage\":\"fr-FR\",\"@id\":\"https:\\\/\\\/com-pac.ovh\\\/haarp\\\/#\\\/schema\\\/logo\\\/image\\\/\",\"url\":\"https:\\\/\\\/com-pac.ovh\\\/haarp\\\/wp-content\\\/uploads\\\/2023\\\/07\\\/logo-HAARP-DEF.png\",\"contentUrl\":\"https:\\\/\\\/com-pac.ovh\\\/haarp\\\/wp-content\\\/uploads\\\/2023\\\/07\\\/logo-HAARP-DEF.png\",\"width\":855,\"height\":780,\"caption\":\"HAARP\"},\"image\":{\"@id\":\"https:\\\/\\\/com-pac.ovh\\\/haarp\\\/#\\\/schema\\\/logo\\\/image\\\/\"}}]}<\/script>\n<!-- \/ Yoast SEO plugin. -->","yoast_head_json":{"title":"Notre organigramme - HAARP","robots":{"index":"noindex","follow":"follow","max-snippet":"max-snippet:-1","max-image-preview":"max-image-preview:large","max-video-preview":"max-video-preview:-1"},"og_locale":"fr_FR","og_type":"article","og_title":"Notre organigramme - HAARP","og_description":"Notre organigramme Les diff\u00e9rentes services regroupent des \u00e9quipes de professionnels qui coordonnent leurs actions et sont \u00e0 l&#8217;\u00e9coute des besoins des personnes prises en charge, attentives \u00e0 leurs demandes, dans le respect de leurs droits. L&#8217;organisation en place s&#8217;engage dans une am\u00e9lioration continue de la qualit\u00e9 des prestations d\u00e9livr\u00e9es. Chaque professionnel apporte son savoir-faire. Inscrivez-vous \u00e0 notre newsletter Restez connect\u00e9s \u00e0 l\u2019association HAARPet recevez nos derni\u00e8res actualit\u00e9s. En vous inscrivant \u00e0 la newsletter, vous consentez \u00e0 ce que l&#8217;association HAARP, collecte vos donn\u00e9es afin de vous envoyer des communications par voie \u00e9lectronique. Vous pourrez vous d\u00e9sabonner \u00e0 tout moment. Pour faire valoir votre droit d\u2019acc\u00e8s, de rectification ou d\u2019effacement, consultez nos mentions l\u00e9gales.\u00a0","og_url":"https:\/\/com-pac.ovh\/haarp\/notre-organigramme\/","og_site_name":"HAARP","article_modified_time":"2024-01-16T13:32:40+00:00","og_image":[{"url":"https:\/\/com-pac.ovh\/haarp\/wp-content\/uploads\/2023\/11\/organigramme-2021.jpg","type":"","width":"","height":""}],"twitter_card":"summary_large_image","twitter_misc":{"Dur\u00e9e de lecture estim\u00e9e":"1 minute"},"schema":{"@context":"https:\/\/schema.org","@graph":[{"@type":"WebPage","@id":"https:\/\/com-pac.ovh\/haarp\/notre-organigramme\/","url":"https:\/\/com-pac.ovh\/haarp\/notre-organigramme\/","name":"Notre organigramme - HAARP","isPartOf":{"@id":"https:\/\/com-pac.ovh\/haarp\/#website"},"primaryImageOfPage":{"@id":"https:\/\/com-pac.ovh\/haarp\/notre-organigramme\/#primaryimage"},"image":{"@id":"https:\/\/com-pac.ovh\/haarp\/notre-organigramme\/#primaryimage"},"thumbnailUrl":"https:\/\/com-pac.ovh\/haarp\/wp-content\/uploads\/2023\/11\/organigramme-2021.jpg","datePublished":"2023-11-21T10:35:37+00:00","dateModified":"2024-01-16T13:32:40+00:00","breadcrumb":{"@id":"https:\/\/com-pac.ovh\/haarp\/notre-organigramme\/#breadcrumb"},"inLanguage":"fr-FR","potentialAction":[{"@type":"ReadAction","target":["https:\/\/com-pac.ovh\/haarp\/notre-organigramme\/"]}]},{"@type":"ImageObject","inLanguage":"fr-FR","@id":"https:\/\/com-pac.ovh\/haarp\/notre-organigramme\/#primaryimage","url":"https:\/\/com-pac.ovh\/haarp\/wp-content\/uploads\/2023\/11\/organigramme-2021.jpg","contentUrl":"https:\/\/com-pac.ovh\/haarp\/wp-content\/uploads\/2023\/11\/organigramme-2021.jpg"},{"@type":"BreadcrumbList","@id":"https:\/\/com-pac.ovh\/haarp\/notre-organigramme\/#breadcrumb","itemListElement":[{"@type":"ListItem","position":1,"name":"Accueil","item":"https:\/\/com-pac.ovh\/haarp\/"},{"@type":"ListItem","position":2,"name":"Notre association > Notre organigramme"}]},{"@type":"WebSite","@id":"https:\/\/com-pac.ovh\/haarp\/#website","url":"https:\/\/com-pac.ovh\/haarp\/","name":"HAARP","description":"","publisher":{"@id":"https:\/\/com-pac.ovh\/haarp\/#organization"},"potentialAction":[{"@type":"SearchAction","target":{"@type":"EntryPoint","urlTemplate":"https:\/\/com-pac.ovh\/haarp\/?s={search_term_string}"},"query-input":{"@type":"PropertyValueSpecification","valueRequired":true,"valueName":"search_term_string"}}],"inLanguage":"fr-FR"},{"@type":"Organization","@id":"https:\/\/com-pac.ovh\/haarp\/#organization","name":"HAARP","url":"https:\/\/com-pac.ovh\/haarp\/","logo":{"@type":"ImageObject","inLanguage":"fr-FR","@id":"https:\/\/com-pac.ovh\/haarp\/#\/schema\/logo\/image\/","url":"https:\/\/com-pac.ovh\/haarp\/wp-content\/uploads\/2023\/07\/logo-HAARP-DEF.png","contentUrl":"https:\/\/com-pac.ovh\/haarp\/wp-content\/uploads\/2023\/07\/logo-HAARP-DEF.png","width":855,"height":780,"caption":"HAARP"},"image":{"@id":"https:\/\/com-pac.ovh\/haarp\/#\/schema\/logo\/image\/"}}]}},"_links":{"self":[{"href":"https:\/\/com-pac.ovh\/haarp\/wp-json\/wp\/v2\/pages\/3788","targetHints":{"allow":["GET"]}}],"collection":[{"href":"https:\/\/com-pac.ovh\/haarp\/wp-json\/wp\/v2\/pages"}],"about":[{"href":"https:\/\/com-pac.ovh\/haarp\/wp-json\/wp\/v2\/types\/page"}],"author":[{"embeddable":true,"href":"https:\/\/com-pac.ovh\/haarp\/wp-json\/wp\/v2\/users\/1"}],"replies":[{"embeddable":true,"href":"https:\/\/com-pac.ovh\/haarp\/wp-json\/wp\/v2\/comments?post=3788"}],"version-history":[{"count":46,"href":"https:\/\/com-pac.ovh\/haarp\/wp-json\/wp\/v2\/pages\/3788\/revisions"}],"predecessor-version":[{"id":5160,"href":"https:\/\/com-pac.ovh\/haarp\/wp-json\/wp\/v2\/pages\/3788\/revisions\/5160"}],"wp:attachment":[{"href":"https:\/\/com-pac.ovh\/haarp\/wp-json\/wp\/v2\/media?parent=3788"}],"curies":[{"name":"wp","href":"https:\/\/api.w.org\/{rel}","templated":true}]}}