{"id":1337,"date":"2025-03-25T15:22:59","date_gmt":"2025-03-25T14:22:59","guid":{"rendered":"https:\/\/com-pac.ovh\/preprod1\/?page_id=1337"},"modified":"2025-04-22T12:36:16","modified_gmt":"2025-04-22T10:36:16","slug":"a-propos","status":"publish","type":"page","link":"https:\/\/com-pac.ovh\/preprod1\/a-propos\/","title":{"rendered":"A propos"},"content":{"rendered":"\t\t<div data-elementor-type=\"wp-page\" data-elementor-id=\"1337\" class=\"elementor elementor-1337\" data-elementor-post-type=\"page\">\n\t\t\t\t<div class=\"elementor-element elementor-element-754d8111 e-flex e-con-boxed e-con e-parent\" data-id=\"754d8111\" data-element_type=\"container\" data-settings=\"{&quot;background_background&quot;:&quot;classic&quot;}\">\n\t\t\t\t\t<div class=\"e-con-inner\">\n\t\t\t\t<div class=\"elementor-element elementor-element-7a692c76 elementor-widget elementor-widget-heading\" data-id=\"7a692c76\" data-element_type=\"widget\" data-widget_type=\"heading.default\">\n\t\t\t\t<div class=\"elementor-widget-container\">\n\t\t\t\t\t<h1 class=\"elementor-heading-title elementor-size-default\">A propos<\/h1>\t\t\t\t<\/div>\n\t\t\t\t<\/div>\n\t\t\t\t<div class=\"elementor-element elementor-element-44d34e79 elementor-align-left elementor-widget elementor-widget-breadcrumbs\" data-id=\"44d34e79\" data-element_type=\"widget\" data-widget_type=\"breadcrumbs.default\">\n\t\t\t\t<div class=\"elementor-widget-container\">\n\t\t\t\t\t<p id=\"breadcrumbs\"><span><span><a href=\"https:\/\/com-pac.ovh\/preprod1\/\">Accueil<\/a><\/span><\/span><\/p>\t\t\t\t<\/div>\n\t\t\t\t<\/div>\n\t\t\t\t\t<\/div>\n\t\t\t\t<\/div>\n\t\t<div class=\"elementor-element elementor-element-6b96f47d e-flex e-con-boxed e-con e-parent\" data-id=\"6b96f47d\" data-element_type=\"container\" data-settings=\"{&quot;background_background&quot;:&quot;classic&quot;}\">\n\t\t\t\t\t<div class=\"e-con-inner\">\n\t\t<div class=\"elementor-element elementor-element-356f6fb9 e-con-full e-flex e-con e-child\" data-id=\"356f6fb9\" data-element_type=\"container\">\n\t\t\t\t<div class=\"elementor-element elementor-element-c9a3afa elementor-widget elementor-widget-heading\" data-id=\"c9a3afa\" data-element_type=\"widget\" data-widget_type=\"heading.default\">\n\t\t\t\t<div class=\"elementor-widget-container\">\n\t\t\t\t\t<h2 class=\"elementor-heading-title elementor-size-default\">L\u2019expertise de la t\u00f4lerie industrielle : <br\/>un savoir-faire de qualit\u00e9<\/h2>\t\t\t\t<\/div>\n\t\t\t\t<\/div>\n\t\t\t\t<div class=\"elementor-element elementor-element-6e41f59a elementor-widget-divider--view-line elementor-widget elementor-widget-divider\" data-id=\"6e41f59a\" data-element_type=\"widget\" data-widget_type=\"divider.default\">\n\t\t\t\t<div class=\"elementor-widget-container\">\n\t\t\t\t\t\t\t<div class=\"elementor-divider\">\n\t\t\t<span class=\"elementor-divider-separator\">\n\t\t\t\t\t\t<\/span>\n\t\t<\/div>\n\t\t\t\t\t\t<\/div>\n\t\t\t\t<\/div>\n\t\t\t\t<div class=\"elementor-element elementor-element-1a8ad9f6 elementor-widget elementor-widget-text-editor\" data-id=\"1a8ad9f6\" data-element_type=\"widget\" data-widget_type=\"text-editor.default\">\n\t\t\t\t<div class=\"elementor-widget-container\">\n\t\t\t\t\t\t\t\t\t<p class=\"\" data-start=\"171\" data-end=\"457\">Depuis 2014, All T\u00f4lerie combine l\u2019expertise du bureau d\u2019\u00e9tudes et celle de la chaudronnerie et structures m\u00e9talliques.<\/p><p class=\"\" data-start=\"171\" data-end=\"457\">Forts de 30 ans d\u2019exp\u00e9rience, nous vous offrons des solutions sur mesure dans les domaines de la t\u00f4lerie industrielle, de la serrurerie et de la m\u00e9tallerie.<\/p><p class=\"\" data-start=\"459\" data-end=\"539\">Nos ateliers de 2000m\u00b2 \u00e0 Torcy (77) abritent trois d\u00e9partements compl\u00e9mentaires :<\/p>\t\t\t\t\t\t\t\t<\/div>\n\t\t\t\t<\/div>\n\t\t\t\t<\/div>\n\t\t<div class=\"elementor-element elementor-element-194d8e06 e-con-full e-flex e-con e-child\" data-id=\"194d8e06\" data-element_type=\"container\">\n\t\t\t\t<div class=\"elementor-element elementor-element-4ff477d elementor-widget elementor-widget-image\" data-id=\"4ff477d\" data-element_type=\"widget\" data-widget_type=\"image.default\">\n\t\t\t\t<div class=\"elementor-widget-container\">\n\t\t\t\t\t\t\t\t\t\t\t\t\t\t\t<img fetchpriority=\"high\" decoding=\"async\" width=\"648\" height=\"708\" src=\"https:\/\/com-pac.ovh\/preprod1\/wp-content\/uploads\/2025\/03\/A-PROPOS_INTRO.png\" class=\"attachment-full size-full wp-image-1353\" alt=\"\" srcset=\"https:\/\/com-pac.ovh\/preprod1\/wp-content\/uploads\/2025\/03\/A-PROPOS_INTRO.png 648w, https:\/\/com-pac.ovh\/preprod1\/wp-content\/uploads\/2025\/03\/A-PROPOS_INTRO-275x300.png 275w, https:\/\/com-pac.ovh\/preprod1\/wp-content\/uploads\/2025\/03\/A-PROPOS_INTRO-600x656.png 600w\" sizes=\"(max-width: 648px) 100vw, 648px\" \/>\t\t\t\t\t\t\t\t\t\t\t\t\t\t\t<\/div>\n\t\t\t\t<\/div>\n\t\t\t\t<\/div>\n\t\t\t\t\t<\/div>\n\t\t\t\t<\/div>\n\t\t<div class=\"elementor-element elementor-element-17dbe0f2 e-flex e-con-boxed e-con e-parent\" data-id=\"17dbe0f2\" data-element_type=\"container\" data-settings=\"{&quot;background_background&quot;:&quot;classic&quot;}\">\n\t\t\t\t\t<div class=\"e-con-inner\">\n\t\t<div class=\"elementor-element elementor-element-18359fc3 e-con-full e-flex e-con e-child\" data-id=\"18359fc3\" data-element_type=\"container\">\n\t\t\t\t<div class=\"elementor-element elementor-element-2055353 elementor-icon-list--layout-traditional elementor-list-item-link-full_width elementor-widget elementor-widget-icon-list\" data-id=\"2055353\" data-element_type=\"widget\" data-widget_type=\"icon-list.default\">\n\t\t\t\t<div class=\"elementor-widget-container\">\n\t\t\t\t\t\t\t<ul class=\"elementor-icon-list-items\">\n\t\t\t\t\t\t\t<li class=\"elementor-icon-list-item\">\n\t\t\t\t\t\t\t\t\t\t\t<span class=\"elementor-icon-list-icon\">\n\t\t\t\t\t\t\t<svg aria-hidden=\"true\" class=\"e-font-icon-svg e-fas-check-circle\" viewBox=\"0 0 512 512\" xmlns=\"http:\/\/www.w3.org\/2000\/svg\"><path d=\"M504 256c0 136.967-111.033 248-248 248S8 392.967 8 256 119.033 8 256 8s248 111.033 248 248zM227.314 387.314l184-184c6.248-6.248 6.248-16.379 0-22.627l-22.627-22.627c-6.248-6.249-16.379-6.249-22.628 0L216 308.118l-70.059-70.059c-6.248-6.248-16.379-6.248-22.628 0l-22.627 22.627c-6.248 6.248-6.248 16.379 0 22.627l104 104c6.249 6.249 16.379 6.249 22.628.001z\"><\/path><\/svg>\t\t\t\t\t\t<\/span>\n\t\t\t\t\t\t\t\t\t\t<span class=\"elementor-icon-list-text\"><b>T\u00f4lerie industrielle : <\/b>Nous vous proposons une large gamme de prestations en t\u00f4lerie industrielle, incluant le cisaillage, le pliage (jusqu'\u00e0 4 m\u00e8tres), le poin\u00e7onnage et la d\u00e9coupe laser sur des mat\u00e9riaux tels que l'aluminium, l'inox, l'acier et l'aluminium pr\u00e9laqu\u00e9.<\/span>\n\t\t\t\t\t\t\t\t\t<\/li>\n\t\t\t\t\t\t\t\t<li class=\"elementor-icon-list-item\">\n\t\t\t\t\t\t\t\t\t\t\t<span class=\"elementor-icon-list-icon\">\n\t\t\t\t\t\t\t<svg aria-hidden=\"true\" class=\"e-font-icon-svg e-fas-check-circle\" viewBox=\"0 0 512 512\" xmlns=\"http:\/\/www.w3.org\/2000\/svg\"><path d=\"M504 256c0 136.967-111.033 248-248 248S8 392.967 8 256 119.033 8 256 8s248 111.033 248 248zM227.314 387.314l184-184c6.248-6.248 6.248-16.379 0-22.627l-22.627-22.627c-6.248-6.249-16.379-6.249-22.628 0L216 308.118l-70.059-70.059c-6.248-6.248-16.379-6.248-22.628 0l-22.627 22.627c-6.248 6.248-6.248 16.379 0 22.627l104 104c6.249 6.249 16.379 6.249 22.628.001z\"><\/path><\/svg>\t\t\t\t\t\t<\/span>\n\t\t\t\t\t\t\t\t\t\t<span class=\"elementor-icon-list-text\"><b>Serrurerie-M\u00e9tallerie : <\/b>Nous r\u00e9alisons des fabrications sur mesure dans divers domaines, notamment :<\/span>\n\t\t\t\t\t\t\t\t\t<\/li>\n\t\t\t\t\t\t<\/ul>\n\t\t\t\t\t\t<\/div>\n\t\t\t\t<\/div>\n\t\t\t\t<div class=\"elementor-element elementor-element-2d760ae7 elementor-widget elementor-widget-text-editor\" data-id=\"2d760ae7\" data-element_type=\"widget\" data-widget_type=\"text-editor.default\">\n\t\t\t\t<div class=\"elementor-widget-container\">\n\t\t\t\t\t\t\t\t\t<ul><li><em>Portes t\u00f4l\u00e9es et blind\u00e9es : Conception et fabrication de portes robustes et s\u00e9curis\u00e9es.<\/em><\/li><li><em>Garde-corps : Cr\u00e9ation de garde-corps esth\u00e9tiques et s\u00e9curitaires pour divers types d\u2019espaces.<\/em><\/li><li><em>Verri\u00e8res : Fabrication de verri\u00e8res sur mesure alliant design et fonctionnalit\u00e9.<\/em><\/li><li><em>Escaliers : Conception d&rsquo;escaliers m\u00e9talliques et personnalis\u00e9s pour tous vos projets.<\/em><\/li><li><em>Fabrication sur-mesure : Conception d\u2019\u00e9l\u00e9ments m\u00e9talliques personnalis\u00e9s et divers, que ce soit pour des projets industriels ou esth\u00e9tiques.<\/em><\/li><\/ul>\t\t\t\t\t\t\t\t<\/div>\n\t\t\t\t<\/div>\n\t\t\t\t<div class=\"elementor-element elementor-element-355f11d elementor-icon-list--layout-traditional elementor-list-item-link-full_width elementor-widget elementor-widget-icon-list\" data-id=\"355f11d\" data-element_type=\"widget\" data-widget_type=\"icon-list.default\">\n\t\t\t\t<div class=\"elementor-widget-container\">\n\t\t\t\t\t\t\t<ul class=\"elementor-icon-list-items\">\n\t\t\t\t\t\t\t<li class=\"elementor-icon-list-item\">\n\t\t\t\t\t\t\t\t\t\t\t<span class=\"elementor-icon-list-icon\">\n\t\t\t\t\t\t\t<svg aria-hidden=\"true\" class=\"e-font-icon-svg e-fas-check-circle\" viewBox=\"0 0 512 512\" xmlns=\"http:\/\/www.w3.org\/2000\/svg\"><path d=\"M504 256c0 136.967-111.033 248-248 248S8 392.967 8 256 119.033 8 256 8s248 111.033 248 248zM227.314 387.314l184-184c6.248-6.248 6.248-16.379 0-22.627l-22.627-22.627c-6.248-6.249-16.379-6.249-22.628 0L216 308.118l-70.059-70.059c-6.248-6.248-16.379-6.248-22.628 0l-22.627 22.627c-6.248 6.248-6.248 16.379 0 22.627l104 104c6.249 6.249 16.379 6.249 22.628.001z\"><\/path><\/svg>\t\t\t\t\t\t<\/span>\n\t\t\t\t\t\t\t\t\t\t<span class=\"elementor-icon-list-text\"><b>Menuiserie M\u00e9tallique et Aluminium :<\/b> Nous proposons des solutions en menuiserie m\u00e9tallique et aluminium, adapt\u00e9es selon vos besoins de fermeture, tout en garantissant la qualit\u00e9 et la durabilit\u00e9 des mat\u00e9riaux utilis\u00e9s.<\/span>\n\t\t\t\t\t\t\t\t\t<\/li>\n\t\t\t\t\t\t<\/ul>\n\t\t\t\t\t\t<\/div>\n\t\t\t\t<\/div>\n\t\t\t\t<\/div>\n\t\t\t\t\t<\/div>\n\t\t\t\t<\/div>\n\t\t\t\t<\/div>\n\t\t","protected":false},"excerpt":{"rendered":"<p>A propos L\u2019expertise de la t\u00f4lerie industrielle : un savoir-faire de qualit\u00e9 Depuis 2014, All T\u00f4lerie combine l\u2019expertise du bureau d\u2019\u00e9tudes et celle de la chaudronnerie et structures m\u00e9talliques. Forts de 30 ans d\u2019exp\u00e9rience, nous vous offrons des solutions sur mesure dans les domaines de la t\u00f4lerie industrielle, de la serrurerie et de la m\u00e9tallerie. [&hellip;]<\/p>\n","protected":false},"author":1,"featured_media":0,"parent":0,"menu_order":0,"comment_status":"closed","ping_status":"closed","template":"elementor_header_footer","meta":{"_acf_changed":false,"footnotes":""},"class_list":["post-1337","page","type-page","status-publish","hentry"],"acf":[],"yoast_head":"<!-- This site is optimized with the Yoast SEO plugin v24.9 - https:\/\/yoast.com\/wordpress\/plugins\/seo\/ -->\n<title>All T\u00f4lerie - Expertise et Savoir-Faire en M\u00e9tallerie et Menuiserie<\/title>\n<meta name=\"description\" content=\"Forte de son exp\u00e9rience, All T\u00f4lerie con\u00e7oit des ouvrages m\u00e9talliques sur mesure. D\u00e9couvrez notre expertise et notre engagement pour des r\u00e9alisations de qualit\u00e9.\" \/>\n<meta name=\"robots\" content=\"noindex, follow, max-snippet:-1, max-image-preview:large, max-video-preview:-1\" \/>\n<meta property=\"og:locale\" content=\"fr_FR\" \/>\n<meta property=\"og:type\" content=\"article\" \/>\n<meta property=\"og:title\" content=\"All T\u00f4lerie - Expertise et Savoir-Faire en M\u00e9tallerie et Menuiserie\" \/>\n<meta property=\"og:description\" content=\"Forte de son exp\u00e9rience, All T\u00f4lerie con\u00e7oit des ouvrages m\u00e9talliques sur mesure. D\u00e9couvrez notre expertise et notre engagement pour des r\u00e9alisations de qualit\u00e9.\" \/>\n<meta property=\"og:url\" content=\"https:\/\/com-pac.ovh\/preprod1\/a-propos\/\" \/>\n<meta property=\"og:site_name\" content=\"ALL TOLERIE\" \/>\n<meta property=\"article:publisher\" content=\"https:\/\/www.facebook.com\/ALLTOLERIE\" \/>\n<meta property=\"article:modified_time\" content=\"2025-04-22T10:36:16+00:00\" \/>\n<meta property=\"og:image\" content=\"https:\/\/com-pac.ovh\/preprod1\/wp-content\/uploads\/2025\/03\/A-PROPOS_INTRO.png\" \/>\n\t<meta property=\"og:image:width\" content=\"648\" \/>\n\t<meta property=\"og:image:height\" content=\"708\" \/>\n\t<meta property=\"og:image:type\" content=\"image\/png\" \/>\n<meta name=\"twitter:card\" content=\"summary_large_image\" \/>\n<meta name=\"twitter:label1\" content=\"Dur\u00e9e de lecture estim\u00e9e\" \/>\n\t<meta name=\"twitter:data1\" content=\"2 minutes\" \/>\n<script type=\"application\/ld+json\" class=\"yoast-schema-graph\">{\"@context\":\"https:\/\/schema.org\",\"@graph\":[{\"@type\":\"WebPage\",\"@id\":\"https:\/\/com-pac.ovh\/preprod1\/a-propos\/\",\"url\":\"https:\/\/com-pac.ovh\/preprod1\/a-propos\/\",\"name\":\"All T\u00f4lerie - Expertise et Savoir-Faire en M\u00e9tallerie et Menuiserie\",\"isPartOf\":{\"@id\":\"https:\/\/com-pac.ovh\/preprod1\/#website\"},\"primaryImageOfPage\":{\"@id\":\"https:\/\/com-pac.ovh\/preprod1\/a-propos\/#primaryimage\"},\"image\":{\"@id\":\"https:\/\/com-pac.ovh\/preprod1\/a-propos\/#primaryimage\"},\"thumbnailUrl\":\"https:\/\/com-pac.ovh\/preprod1\/wp-content\/uploads\/2025\/03\/A-PROPOS_INTRO.png\",\"datePublished\":\"2025-03-25T14:22:59+00:00\",\"dateModified\":\"2025-04-22T10:36:16+00:00\",\"description\":\"Forte de son exp\u00e9rience, All T\u00f4lerie con\u00e7oit des ouvrages m\u00e9talliques sur mesure. D\u00e9couvrez notre expertise et notre engagement pour des r\u00e9alisations de qualit\u00e9.\",\"breadcrumb\":{\"@id\":\"https:\/\/com-pac.ovh\/preprod1\/a-propos\/#breadcrumb\"},\"inLanguage\":\"fr-FR\",\"potentialAction\":[{\"@type\":\"ReadAction\",\"target\":[\"https:\/\/com-pac.ovh\/preprod1\/a-propos\/\"]}]},{\"@type\":\"ImageObject\",\"inLanguage\":\"fr-FR\",\"@id\":\"https:\/\/com-pac.ovh\/preprod1\/a-propos\/#primaryimage\",\"url\":\"https:\/\/com-pac.ovh\/preprod1\/wp-content\/uploads\/2025\/03\/A-PROPOS_INTRO.png\",\"contentUrl\":\"https:\/\/com-pac.ovh\/preprod1\/wp-content\/uploads\/2025\/03\/A-PROPOS_INTRO.png\",\"width\":648,\"height\":708},{\"@type\":\"BreadcrumbList\",\"@id\":\"https:\/\/com-pac.ovh\/preprod1\/a-propos\/#breadcrumb\",\"itemListElement\":[{\"@type\":\"ListItem\",\"position\":1,\"name\":\"Accueil\",\"item\":\"https:\/\/com-pac.ovh\/preprod1\/\"},{\"@type\":\"ListItem\",\"position\":2,\"name\":\"A propos\"}]},{\"@type\":\"WebSite\",\"@id\":\"https:\/\/com-pac.ovh\/preprod1\/#website\",\"url\":\"https:\/\/com-pac.ovh\/preprod1\/\",\"name\":\"ALL TOLERIE\",\"description\":\"\",\"publisher\":{\"@id\":\"https:\/\/com-pac.ovh\/preprod1\/#organization\"},\"potentialAction\":[{\"@type\":\"SearchAction\",\"target\":{\"@type\":\"EntryPoint\",\"urlTemplate\":\"https:\/\/com-pac.ovh\/preprod1\/?s={search_term_string}\"},\"query-input\":{\"@type\":\"PropertyValueSpecification\",\"valueRequired\":true,\"valueName\":\"search_term_string\"}}],\"inLanguage\":\"fr-FR\"},{\"@type\":\"Organization\",\"@id\":\"https:\/\/com-pac.ovh\/preprod1\/#organization\",\"name\":\"ALL TOLERIE\",\"url\":\"https:\/\/com-pac.ovh\/preprod1\/\",\"logo\":{\"@type\":\"ImageObject\",\"inLanguage\":\"fr-FR\",\"@id\":\"https:\/\/com-pac.ovh\/preprod1\/#\/schema\/logo\/image\/\",\"url\":\"https:\/\/com-pac.ovh\/preprod1\/wp-content\/uploads\/2025\/03\/LOGO-ALL-TOLERIE.jpg\",\"contentUrl\":\"https:\/\/com-pac.ovh\/preprod1\/wp-content\/uploads\/2025\/03\/LOGO-ALL-TOLERIE.jpg\",\"width\":261,\"height\":55,\"caption\":\"ALL TOLERIE\"},\"image\":{\"@id\":\"https:\/\/com-pac.ovh\/preprod1\/#\/schema\/logo\/image\/\"},\"sameAs\":[\"https:\/\/www.facebook.com\/ALLTOLERIE\",\"https:\/\/www.instagram.com\/alltolerie\/\",\"https:\/\/www.youtube.com\/@alltoleriealltolerie7438\"]}]}<\/script>\n<!-- \/ Yoast SEO plugin. -->","yoast_head_json":{"title":"All T\u00f4lerie - Expertise et Savoir-Faire en M\u00e9tallerie et Menuiserie","description":"Forte de son exp\u00e9rience, All T\u00f4lerie con\u00e7oit des ouvrages m\u00e9talliques sur mesure. D\u00e9couvrez notre expertise et notre engagement pour des r\u00e9alisations de qualit\u00e9.","robots":{"index":"noindex","follow":"follow","max-snippet":"max-snippet:-1","max-image-preview":"max-image-preview:large","max-video-preview":"max-video-preview:-1"},"og_locale":"fr_FR","og_type":"article","og_title":"All T\u00f4lerie - Expertise et Savoir-Faire en M\u00e9tallerie et Menuiserie","og_description":"Forte de son exp\u00e9rience, All T\u00f4lerie con\u00e7oit des ouvrages m\u00e9talliques sur mesure. D\u00e9couvrez notre expertise et notre engagement pour des r\u00e9alisations de qualit\u00e9.","og_url":"https:\/\/com-pac.ovh\/preprod1\/a-propos\/","og_site_name":"ALL TOLERIE","article_publisher":"https:\/\/www.facebook.com\/ALLTOLERIE","article_modified_time":"2025-04-22T10:36:16+00:00","og_image":[{"width":648,"height":708,"url":"https:\/\/com-pac.ovh\/preprod1\/wp-content\/uploads\/2025\/03\/A-PROPOS_INTRO.png","type":"image\/png"}],"twitter_card":"summary_large_image","twitter_misc":{"Dur\u00e9e de lecture estim\u00e9e":"2 minutes"},"schema":{"@context":"https:\/\/schema.org","@graph":[{"@type":"WebPage","@id":"https:\/\/com-pac.ovh\/preprod1\/a-propos\/","url":"https:\/\/com-pac.ovh\/preprod1\/a-propos\/","name":"All T\u00f4lerie - Expertise et Savoir-Faire en M\u00e9tallerie et Menuiserie","isPartOf":{"@id":"https:\/\/com-pac.ovh\/preprod1\/#website"},"primaryImageOfPage":{"@id":"https:\/\/com-pac.ovh\/preprod1\/a-propos\/#primaryimage"},"image":{"@id":"https:\/\/com-pac.ovh\/preprod1\/a-propos\/#primaryimage"},"thumbnailUrl":"https:\/\/com-pac.ovh\/preprod1\/wp-content\/uploads\/2025\/03\/A-PROPOS_INTRO.png","datePublished":"2025-03-25T14:22:59+00:00","dateModified":"2025-04-22T10:36:16+00:00","description":"Forte de son exp\u00e9rience, All T\u00f4lerie con\u00e7oit des ouvrages m\u00e9talliques sur mesure. D\u00e9couvrez notre expertise et notre engagement pour des r\u00e9alisations de qualit\u00e9.","breadcrumb":{"@id":"https:\/\/com-pac.ovh\/preprod1\/a-propos\/#breadcrumb"},"inLanguage":"fr-FR","potentialAction":[{"@type":"ReadAction","target":["https:\/\/com-pac.ovh\/preprod1\/a-propos\/"]}]},{"@type":"ImageObject","inLanguage":"fr-FR","@id":"https:\/\/com-pac.ovh\/preprod1\/a-propos\/#primaryimage","url":"https:\/\/com-pac.ovh\/preprod1\/wp-content\/uploads\/2025\/03\/A-PROPOS_INTRO.png","contentUrl":"https:\/\/com-pac.ovh\/preprod1\/wp-content\/uploads\/2025\/03\/A-PROPOS_INTRO.png","width":648,"height":708},{"@type":"BreadcrumbList","@id":"https:\/\/com-pac.ovh\/preprod1\/a-propos\/#breadcrumb","itemListElement":[{"@type":"ListItem","position":1,"name":"Accueil","item":"https:\/\/com-pac.ovh\/preprod1\/"},{"@type":"ListItem","position":2,"name":"A propos"}]},{"@type":"WebSite","@id":"https:\/\/com-pac.ovh\/preprod1\/#website","url":"https:\/\/com-pac.ovh\/preprod1\/","name":"ALL TOLERIE","description":"","publisher":{"@id":"https:\/\/com-pac.ovh\/preprod1\/#organization"},"potentialAction":[{"@type":"SearchAction","target":{"@type":"EntryPoint","urlTemplate":"https:\/\/com-pac.ovh\/preprod1\/?s={search_term_string}"},"query-input":{"@type":"PropertyValueSpecification","valueRequired":true,"valueName":"search_term_string"}}],"inLanguage":"fr-FR"},{"@type":"Organization","@id":"https:\/\/com-pac.ovh\/preprod1\/#organization","name":"ALL TOLERIE","url":"https:\/\/com-pac.ovh\/preprod1\/","logo":{"@type":"ImageObject","inLanguage":"fr-FR","@id":"https:\/\/com-pac.ovh\/preprod1\/#\/schema\/logo\/image\/","url":"https:\/\/com-pac.ovh\/preprod1\/wp-content\/uploads\/2025\/03\/LOGO-ALL-TOLERIE.jpg","contentUrl":"https:\/\/com-pac.ovh\/preprod1\/wp-content\/uploads\/2025\/03\/LOGO-ALL-TOLERIE.jpg","width":261,"height":55,"caption":"ALL TOLERIE"},"image":{"@id":"https:\/\/com-pac.ovh\/preprod1\/#\/schema\/logo\/image\/"},"sameAs":["https:\/\/www.facebook.com\/ALLTOLERIE","https:\/\/www.instagram.com\/alltolerie\/","https:\/\/www.youtube.com\/@alltoleriealltolerie7438"]}]}},"_links":{"self":[{"href":"https:\/\/com-pac.ovh\/preprod1\/wp-json\/wp\/v2\/pages\/1337","targetHints":{"allow":["GET"]}}],"collection":[{"href":"https:\/\/com-pac.ovh\/preprod1\/wp-json\/wp\/v2\/pages"}],"about":[{"href":"https:\/\/com-pac.ovh\/preprod1\/wp-json\/wp\/v2\/types\/page"}],"author":[{"embeddable":true,"href":"https:\/\/com-pac.ovh\/preprod1\/wp-json\/wp\/v2\/users\/1"}],"replies":[{"embeddable":true,"href":"https:\/\/com-pac.ovh\/preprod1\/wp-json\/wp\/v2\/comments?post=1337"}],"version-history":[{"count":53,"href":"https:\/\/com-pac.ovh\/preprod1\/wp-json\/wp\/v2\/pages\/1337\/revisions"}],"predecessor-version":[{"id":2383,"href":"https:\/\/com-pac.ovh\/preprod1\/wp-json\/wp\/v2\/pages\/1337\/revisions\/2383"}],"wp:attachment":[{"href":"https:\/\/com-pac.ovh\/preprod1\/wp-json\/wp\/v2\/media?parent=1337"}],"curies":[{"name":"wp","href":"https:\/\/api.w.org\/{rel}","templated":true}]}}