
{"id":3197,"date":"2024-09-23T16:31:11","date_gmt":"2024-09-23T14:31:11","guid":{"rendered":"https:\/\/com-pac.ovh\/preprod2\/?page_id=3197"},"modified":"2024-09-24T13:09:51","modified_gmt":"2024-09-24T11:09:51","slug":"blog","status":"publish","type":"page","link":"https:\/\/com-pac.ovh\/preprod2\/blog\/","title":{"rendered":"Blog"},"content":{"rendered":"\t\t<div data-elementor-type=\"wp-page\" data-elementor-id=\"3197\" class=\"elementor elementor-3197\" data-elementor-post-type=\"page\">\n\t\t\t\t<div class=\"elementor-element elementor-element-7474527a bg-categorie e-flex e-con-boxed wpr-particle-no wpr-jarallax-no wpr-parallax-no wpr-sticky-section-no wpr-column-slider-no wpr-equal-height-no e-con e-parent\" data-id=\"7474527a\" data-element_type=\"container\" data-e-type=\"container\" data-settings=\"{&quot;background_background&quot;:&quot;classic&quot;}\">\n\t\t\t\t\t<div class=\"e-con-inner\">\n\t\t\t\t<div class=\"elementor-element elementor-element-12549cb9 elementor-widget elementor-widget-woocommerce-breadcrumb\" data-id=\"12549cb9\" data-element_type=\"widget\" data-e-type=\"widget\" data-widget_type=\"woocommerce-breadcrumb.default\">\n\t\t\t\t<div class=\"elementor-widget-container\">\n\t\t\t\t\t<nav class=\"woocommerce-breadcrumb\" aria-label=\"Breadcrumb\">Accueil<\/nav>\t\t\t\t<\/div>\n\t\t\t\t<\/div>\n\t\t\t\t\t<\/div>\n\t\t\t\t<\/div>\n\t\t<div class=\"elementor-element elementor-element-0f6b9db e-flex e-con-boxed wpr-particle-no wpr-jarallax-no wpr-parallax-no wpr-sticky-section-no wpr-column-slider-no wpr-equal-height-no e-con e-parent\" data-id=\"0f6b9db\" data-element_type=\"container\" data-e-type=\"container\" data-settings=\"{&quot;background_background&quot;:&quot;classic&quot;}\">\n\t\t\t\t\t<div class=\"e-con-inner\">\n\t\t\t\t<div class=\"elementor-element elementor-element-b065215 wpr-grid-columns-1 list-blog wpr-grid-columns--laptop3 wpr-grid-columns--tablet2 wpr-grid-columns--mobile1 wpr-grid-pagination-center wpr-item-styles-inner elementor-widget elementor-widget-wpr-grid\" data-id=\"b065215\" data-element_type=\"widget\" data-e-type=\"widget\" data-widget_type=\"wpr-grid.default\">\n\t\t\t\t<div class=\"elementor-widget-container\">\n\t\t\t\t\t<ul class=\"wpr-grid-filters elementor-clearfix wpr-grid-filters-sep-right\"><li class=\" wpr-pointer-none wpr-pointer-line-fx wpr-pointer-fx-fade\"><span  data-filter=\"*\" class=\"wpr-grid-filters-item wpr-active-filter \"><i class=\" wpr-grid-filters-icon-left\"><\/i>Voir tout<\/span><em class=\"wpr-grid-filters-sep\"><\/em><\/li><li class=\" wpr-pointer-none wpr-pointer-line-fx wpr-pointer-fx-fade\"><span   data-ajax-filter=[\"category\",\"varietes-et-especes\"]  data-filter=\".category-varietes-et-especes\"><i class=\" wpr-grid-filters-icon-left\"><\/i>Vari\u00e9t\u00e9s et Esp\u00e8ces<\/span><em class=\"wpr-grid-filters-sep\"><\/em><\/li><li class=\" wpr-pointer-none wpr-pointer-line-fx wpr-pointer-fx-fade\"><span   data-ajax-filter=[\"category\",\"nourriture\"]  data-filter=\".category-nourriture\"><i class=\" wpr-grid-filters-icon-left\"><\/i>Nourriture<\/span><em class=\"wpr-grid-filters-sep\"><\/em><\/li><li class=\" wpr-pointer-none wpr-pointer-line-fx wpr-pointer-fx-fade\"><span   data-ajax-filter=[\"category\",\"analyse-de-leau\"]  data-filter=\".category-analyse-de-leau\"><i class=\" wpr-grid-filters-icon-left\"><\/i>Analyse de l&#039;eau<\/span><em class=\"wpr-grid-filters-sep\"><\/em><\/li><\/ul><section class=\"wpr-grid elementor-clearfix\" data-settings=\"{&quot;layout&quot;:&quot;list&quot;,&quot;stick_last_element_to_bottom&quot;:&quot;no&quot;,&quot;columns_desktop&quot;:&quot;1&quot;,&quot;gutter_hr&quot;:15,&quot;gutter_hr_mobile&quot;:15,&quot;gutter_hr_mobile_extra&quot;:15,&quot;gutter_hr_tablet&quot;:15,&quot;gutter_hr_tablet_extra&quot;:15,&quot;gutter_hr_laptop&quot;:15,&quot;gutter_hr_widescreen&quot;:15,&quot;gutter_vr&quot;:50,&quot;gutter_vr_mobile&quot;:50,&quot;gutter_vr_mobile_extra&quot;:50,&quot;gutter_vr_tablet&quot;:50,&quot;gutter_vr_tablet_extra&quot;:50,&quot;gutter_vr_laptop&quot;:50,&quot;gutter_vr_widescreen&quot;:50,&quot;animation&quot;:&quot;fade-slide&quot;,&quot;animation_duration&quot;:0.3,&quot;animation_delay&quot;:0.1,&quot;deeplinking&quot;:&quot;&quot;,&quot;filters_linkable&quot;:&quot;&quot;,&quot;filters_default_filter&quot;:&quot;&quot;,&quot;filters_count&quot;:&quot;no&quot;,&quot;filters_hide_empty&quot;:&quot;&quot;,&quot;filters_animation&quot;:&quot;fade-slide&quot;,&quot;filters_animation_duration&quot;:0.3,&quot;filters_animation_delay&quot;:0.1,&quot;pagination_type&quot;:&quot;load-more&quot;,&quot;pagination_max_pages&quot;:1,&quot;media_align&quot;:&quot;left&quot;,&quot;media_width&quot;:30,&quot;media_distance&quot;:0,&quot;lightbox&quot;:{&quot;selector&quot;:&quot;.wpr-grid-image-wrap&quot;,&quot;iframeMaxWidth&quot;:&quot;60%&quot;,&quot;hash&quot;:false,&quot;autoplay&quot;:&quot;true&quot;,&quot;pause&quot;:5000,&quot;progressBar&quot;:&quot;true&quot;,&quot;counter&quot;:&quot;true&quot;,&quot;controls&quot;:&quot;true&quot;,&quot;getCaptionFromTitleOrAlt&quot;:&quot;true&quot;,&quot;thumbnail&quot;:&quot;true&quot;,&quot;showThumbByDefault&quot;:&quot;true&quot;,&quot;share&quot;:&quot;true&quot;,&quot;zoom&quot;:&quot;true&quot;,&quot;fullScreen&quot;:&quot;true&quot;,&quot;download&quot;:&quot;true&quot;}}\" data-advanced-filters=\"no\"><article class=\"wpr-grid-item elementor-clearfix post-439 post type-post status-publish format-standard has-post-thumbnail hentry category-analyse-de-leau\"><div class=\"wpr-grid-item-inner\"><div class=\"wpr-grid-media-wrap wpr-zoom-in wpr-effect-size-small \" data-overlay-link=\"yes\"><div class=\"wpr-grid-image-wrap\" data-src=\"https:\/\/com-pac.ovh\/preprod2\/wp-content\/uploads\/elementor\/thumbs\/AdobeStock_604903744_Preview-qnfcsiivbbaxrf83idjrsw9ua2jfs4qppiq7xiteow.jpeg\" data-img-on-hover=\"\"  data-src-secondary=\"\"><img decoding=\"async\" data-no-lazy=\"1\" src=\"https:\/\/com-pac.ovh\/preprod2\/wp-content\/uploads\/elementor\/thumbs\/AdobeStock_604903744_Preview-qnfcsiivbbaxrf83idjrsw9ua2jfs4qppiq7xiteow.jpeg\" alt=\"Pourquoi et comment tester son eau d&#8217;aquarium?\" class=\"wpr-anim-timing-ease-default\"><\/div><div class=\"wpr-grid-media-hover wpr-animation-wrap\"><div class=\"wpr-grid-media-hover-bg  wpr-overlay-fade-in wpr-anim-size-large wpr-anim-timing-ease-default wpr-anim-transparency\" data-url=\"https:\/\/com-pac.ovh\/preprod2\/analyse-de-leau\/pourquoi-et-comment-tester-son-eau-daquarium\/\"><\/div><\/div><\/div><div class=\"wpr-grid-item-below-content elementor-clearfix\"><div class=\"wpr-grid-item-category elementor-repeater-item-990652b wpr-grid-item-display-block wpr-grid-item-align-left wpr-pointer-none wpr-pointer-line-fx wpr-pointer-fx-fade wpr-grid-tax-style-1\"><div class=\"inner-block\"><a class=\"wpr-pointer-item wpr-tax-id-50\" href=\"https:\/\/com-pac.ovh\/preprod2\/blog\/analyse-de-leau\/\">Analyse de l&#039;eau<\/a><\/div><\/div><h2 class=\"wpr-grid-item-title elementor-repeater-item-15a09c6 wpr-grid-item-display-block wpr-grid-item-align-left wpr-pointer-none wpr-pointer-line-fx wpr-pointer-fx-slide\"><div class=\"inner-block\"><a target=\"_self\"  href=\"https:\/\/com-pac.ovh\/preprod2\/analyse-de-leau\/pourquoi-et-comment-tester-son-eau-daquarium\/\">Pourquoi et comment tester son eau d&#8217;aquarium?<\/a><\/div><\/h2><div class=\"wpr-grid-item-date elementor-repeater-item-3d5c133 wpr-grid-item-display-inline wpr-grid-item-align-left\"><div class=\"inner-block\"><span>29 avril 2024<span class=\"wpr-grid-extra-text-right\"><\/span><\/span><\/div><\/div><div class=\"wpr-grid-item-excerpt elementor-repeater-item-9ee6891 wpr-grid-item-display-block wpr-grid-item-align-left\"><div class=\"inner-block\"><p>Pourquoi et comment tester son eau d&#8217;aquarium ? Maintenir un aquarium en bonne sant\u00e9 n\u00e9cessite plus que simplement nourrir les poissons et nettoyer les vitres. La qualit\u00e9 de l&#8217;eau est l&#8217;\u00e9l\u00e9ment crucial pour le bien-\u00eatre de vos poissons et plantes. Voici pourquoi il est essentiel de tester r\u00e9guli\u00e8rement l&#8217;eau de votre aquarium et comment proc\u00e9der efficacement. Pourquoi tester son eau d&#8217;aquarium ? Assurer la sant\u00e9 des poissons et des plantes : Les poissons et les plantes sont extr\u00eamement sensibles aux variations de la qualit\u00e9 de l&#8217;eau. Des niveaux incorrects de param\u00e8tres comme le pH, l&#8217;ammoniac, les nitrites et les nitrates...<\/p><\/div><\/div><div class=\"wpr-grid-item-read-more elementor-repeater-item-f43c9e8 wpr-grid-item-display-block wpr-grid-item-align-left\"><div class=\"inner-block\"><a target=\"_self\" href=\"https:\/\/com-pac.ovh\/preprod2\/analyse-de-leau\/pourquoi-et-comment-tester-son-eau-daquarium\/\" class=\"wpr-button-effect elementor-animation-shrink\"><span>Lire la suite<\/span><\/a><\/div><\/div><\/div><\/div><\/article><article class=\"wpr-grid-item elementor-clearfix post-440 post type-post status-publish format-standard has-post-thumbnail hentry category-varietes-et-especes\"><div class=\"wpr-grid-item-inner\"><div class=\"wpr-grid-media-wrap wpr-zoom-in wpr-effect-size-small \" data-overlay-link=\"yes\"><div class=\"wpr-grid-image-wrap\" data-src=\"https:\/\/com-pac.ovh\/preprod2\/wp-content\/uploads\/elementor\/thumbs\/AdobeStock_579062439_Preview-qnfcshl14h9nft9gnv558eidooo2kfmzde2qg8usv4.jpeg\" data-img-on-hover=\"\"  data-src-secondary=\"\"><img decoding=\"async\" data-no-lazy=\"1\" src=\"https:\/\/com-pac.ovh\/preprod2\/wp-content\/uploads\/elementor\/thumbs\/AdobeStock_579062439_Preview-qnfcshl14h9nft9gnv558eidooo2kfmzde2qg8usv4.jpeg\" alt=\"Gros plan sur le scalaire\" class=\"wpr-anim-timing-ease-default\"><\/div><div class=\"wpr-grid-media-hover wpr-animation-wrap\"><div class=\"wpr-grid-media-hover-bg  wpr-overlay-fade-in wpr-anim-size-large wpr-anim-timing-ease-default wpr-anim-transparency\" data-url=\"https:\/\/com-pac.ovh\/preprod2\/varietes-et-especes\/gros-plan-sur-le-scalaire\/\"><\/div><\/div><\/div><div class=\"wpr-grid-item-below-content elementor-clearfix\"><div class=\"wpr-grid-item-category elementor-repeater-item-990652b wpr-grid-item-display-block wpr-grid-item-align-left wpr-pointer-none wpr-pointer-line-fx wpr-pointer-fx-fade wpr-grid-tax-style-1\"><div class=\"inner-block\"><a class=\"wpr-pointer-item wpr-tax-id-51\" href=\"https:\/\/com-pac.ovh\/preprod2\/blog\/varietes-et-especes\/\">Vari\u00e9t\u00e9s et Esp\u00e8ces<\/a><\/div><\/div><h2 class=\"wpr-grid-item-title elementor-repeater-item-15a09c6 wpr-grid-item-display-block wpr-grid-item-align-left wpr-pointer-none wpr-pointer-line-fx wpr-pointer-fx-slide\"><div class=\"inner-block\"><a target=\"_self\"  href=\"https:\/\/com-pac.ovh\/preprod2\/varietes-et-especes\/gros-plan-sur-le-scalaire\/\">Gros plan sur le scalaire<\/a><\/div><\/h2><div class=\"wpr-grid-item-date elementor-repeater-item-3d5c133 wpr-grid-item-display-inline wpr-grid-item-align-left\"><div class=\"inner-block\"><span>29 avril 2024<span class=\"wpr-grid-extra-text-right\"><\/span><\/span><\/div><\/div><div class=\"wpr-grid-item-excerpt elementor-repeater-item-9ee6891 wpr-grid-item-display-block wpr-grid-item-align-left\"><div class=\"inner-block\"><p>Gros plan sur le scalaire : Un poisson majestueux pour votre aquarium Voir tous les scalaires Le scalaire, \u00e9galement connu sous le nom d&#8217;ange ou d&#8217;ange de l&#8217;aquarium, est l&#8217;un des poissons les plus appr\u00e9ci\u00e9s des aquariophiles, notamment pour sa beaut\u00e9 et son comportement gracieux. Originaire des rivi\u00e8res et des marais d&#8217;Am\u00e9rique du Sud, le scalaire est un poisson fascinant qui ajoute une touche d&#8217;\u00e9l\u00e9gance \u00e0 n&#8217;importe quel aquarium. Voici un zoom sur ce poisson embl\u00e9matique, ses caract\u00e9ristiques, son comportement et ses besoins en captivit\u00e9. Caract\u00e9ristiques du scalaire Aspect physique : Le scalaire se distingue par son corps triangulaire aplati,...<\/p><\/div><\/div><div class=\"wpr-grid-item-read-more elementor-repeater-item-f43c9e8 wpr-grid-item-display-block wpr-grid-item-align-left\"><div class=\"inner-block\"><a target=\"_self\" href=\"https:\/\/com-pac.ovh\/preprod2\/varietes-et-especes\/gros-plan-sur-le-scalaire\/\" class=\"wpr-button-effect elementor-animation-shrink\"><span>Lire la suite<\/span><\/a><\/div><\/div><\/div><\/div><\/article><article class=\"wpr-grid-item elementor-clearfix post-433 post type-post status-publish format-standard has-post-thumbnail hentry category-nourriture\"><div class=\"wpr-grid-item-inner\"><div class=\"wpr-grid-media-wrap wpr-zoom-in wpr-effect-size-small \" data-overlay-link=\"yes\"><div class=\"wpr-grid-image-wrap\" data-src=\"https:\/\/com-pac.ovh\/preprod2\/wp-content\/uploads\/elementor\/thumbs\/AdobeStock_206939514_Preview-qnfcsgn6xn8d47attcqinwqx3aspcqj919f8yyw71c.jpeg\" data-img-on-hover=\"\"  data-src-secondary=\"\"><img decoding=\"async\" data-no-lazy=\"1\" src=\"https:\/\/com-pac.ovh\/preprod2\/wp-content\/uploads\/elementor\/thumbs\/AdobeStock_206939514_Preview-qnfcsgn6xn8d47attcqinwqx3aspcqj919f8yyw71c.jpeg\" alt=\"Comment cr\u00e9er son \u00e9levage d\u2019art\u00e9mias?\" class=\"wpr-anim-timing-ease-default\"><\/div><div class=\"wpr-grid-media-hover wpr-animation-wrap\"><div class=\"wpr-grid-media-hover-bg  wpr-overlay-fade-in wpr-anim-size-large wpr-anim-timing-ease-default wpr-anim-transparency\" data-url=\"https:\/\/com-pac.ovh\/preprod2\/nourriture\/comment-creer-son-elevage-dartemias\/\"><\/div><\/div><\/div><div class=\"wpr-grid-item-below-content elementor-clearfix\"><div class=\"wpr-grid-item-category elementor-repeater-item-990652b wpr-grid-item-display-block wpr-grid-item-align-left wpr-pointer-none wpr-pointer-line-fx wpr-pointer-fx-fade wpr-grid-tax-style-1\"><div class=\"inner-block\"><a class=\"wpr-pointer-item wpr-tax-id-49\" href=\"https:\/\/com-pac.ovh\/preprod2\/blog\/nourriture\/\">Nourriture<\/a><\/div><\/div><h2 class=\"wpr-grid-item-title elementor-repeater-item-15a09c6 wpr-grid-item-display-block wpr-grid-item-align-left wpr-pointer-none wpr-pointer-line-fx wpr-pointer-fx-slide\"><div class=\"inner-block\"><a target=\"_self\"  href=\"https:\/\/com-pac.ovh\/preprod2\/nourriture\/comment-creer-son-elevage-dartemias\/\">Comment cr\u00e9er son \u00e9levage d\u2019art\u00e9mias?<\/a><\/div><\/h2><div class=\"wpr-grid-item-date elementor-repeater-item-3d5c133 wpr-grid-item-display-inline wpr-grid-item-align-left\"><div class=\"inner-block\"><span>29 avril 2024<span class=\"wpr-grid-extra-text-right\"><\/span><\/span><\/div><\/div><div class=\"wpr-grid-item-excerpt elementor-repeater-item-9ee6891 wpr-grid-item-display-block wpr-grid-item-align-left\"><div class=\"inner-block\"><p>Comment cr\u00e9er son \u00e9levage d\u2019art\u00e9mias ? Les art\u00e9mias, souvent appel\u00e9s &#8220;crevettes de mer&#8221;, sont des petits crustac\u00e9s tr\u00e8s pris\u00e9s des aquariophiles pour nourrir les poissons, en particulier les alevins et les esp\u00e8ces carnivores. Faciles \u00e0 \u00e9lever et riches en nutriments, les art\u00e9mias sont une source de nourriture vivante id\u00e9ale. Suivez ce guide pour apprendre \u00e0 cr\u00e9er votre propre \u00e9levage d\u2019art\u00e9mias et fournir \u00e0 vos poissons une alimentation saine et stimulante. Pourquoi \u00e9lever des art\u00e9mias ? Les art\u00e9mias sont une excellente source de prot\u00e9ines et de lipides essentiels pour les poissons. \u00c9lever des art\u00e9mias \u00e0 la maison permet d\u2019avoir un approvisionnement...<\/p><\/div><\/div><div class=\"wpr-grid-item-read-more elementor-repeater-item-f43c9e8 wpr-grid-item-display-block wpr-grid-item-align-left\"><div class=\"inner-block\"><a target=\"_self\" href=\"https:\/\/com-pac.ovh\/preprod2\/nourriture\/comment-creer-son-elevage-dartemias\/\" class=\"wpr-button-effect elementor-animation-shrink\"><span>Lire la suite<\/span><\/a><\/div><\/div><\/div><\/div><\/article><\/section>\t\t\t\t<\/div>\n\t\t\t\t<\/div>\n\t\t\t\t\t<\/div>\n\t\t\t\t<\/div>\n\t\t\t\t<\/div>\n\t\t","protected":false},"excerpt":{"rendered":"<p>Voir tout Vari\u00e9t\u00e9s et Esp\u00e8ces Nourriture Analyse de l&#039;eau Analyse de l&#039;eau Pourquoi et comment tester son eau d&#8217;aquarium? 29 avril 2024 Pourquoi et comment tester son eau d&#8217;aquarium ? Maintenir un aquarium en bonne sant\u00e9 n\u00e9cessite plus que simplement nourrir les poissons et nettoyer les vitres. La qualit\u00e9 de l&#8217;eau est l&#8217;\u00e9l\u00e9ment crucial pour le bien-\u00eatre de vos poissons et plantes. Voici pourquoi il est essentiel de tester r\u00e9guli\u00e8rement l&#8217;eau de votre aquarium et comment proc\u00e9der efficacement. Pourquoi tester son eau d&#8217;aquarium ? Assurer la sant\u00e9 des poissons et des plantes : Les poissons et les plantes sont extr\u00eamement sensibles aux variations de la qualit\u00e9 de l&#8217;eau. Des niveaux incorrects de param\u00e8tres comme le pH, l&#8217;ammoniac, les nitrites et les nitrates Lire la suite Vari\u00e9t\u00e9s et Esp\u00e8ces Gros plan sur le scalaire 29 avril 2024 Gros plan sur le scalaire : Un poisson majestueux pour votre aquarium Voir tous les scalaires Le scalaire, \u00e9galement connu sous le nom d&#8217;ange ou d&#8217;ange de l&#8217;aquarium, est l&#8217;un des poissons les plus appr\u00e9ci\u00e9s des aquariophiles, notamment pour sa beaut\u00e9 et son comportement gracieux. Originaire des rivi\u00e8res et des marais d&#8217;Am\u00e9rique du Sud, le scalaire est un poisson fascinant qui ajoute une touche d&#8217;\u00e9l\u00e9gance \u00e0 n&#8217;importe quel aquarium. Voici un zoom sur ce poisson embl\u00e9matique, ses caract\u00e9ristiques, son comportement et ses besoins en captivit\u00e9. Caract\u00e9ristiques du scalaire Aspect physique : Le scalaire se distingue par son corps triangulaire aplati, Lire la suite Nourriture Comment cr\u00e9er son \u00e9levage d\u2019art\u00e9mias? 29 avril 2024 Comment cr\u00e9er son \u00e9levage d\u2019art\u00e9mias ? Les art\u00e9mias, souvent appel\u00e9s &#8220;crevettes de mer&#8221;, sont des petits crustac\u00e9s tr\u00e8s pris\u00e9s des aquariophiles pour nourrir les poissons, en particulier les alevins et les esp\u00e8ces carnivores. Faciles \u00e0 \u00e9lever et riches en nutriments, les art\u00e9mias sont une source de nourriture vivante id\u00e9ale. Suivez ce guide pour apprendre \u00e0 cr\u00e9er votre propre \u00e9levage d\u2019art\u00e9mias et fournir \u00e0 vos poissons une alimentation saine et stimulante. Pourquoi \u00e9lever des art\u00e9mias ? Les art\u00e9mias sont une excellente source de prot\u00e9ines et de lipides essentiels pour les poissons. \u00c9lever des art\u00e9mias \u00e0 la maison permet d\u2019avoir un approvisionnement Lire la suite<\/p>\n","protected":false},"author":1,"featured_media":0,"parent":0,"menu_order":0,"comment_status":"closed","ping_status":"closed","template":"elementor_header_footer","meta":{"footnotes":""},"class_list":["post-3197","page","type-page","status-publish","hentry"],"acf":[],"_links":{"self":[{"href":"https:\/\/com-pac.ovh\/preprod2\/wp-json\/wp\/v2\/pages\/3197","targetHints":{"allow":["GET"]}}],"collection":[{"href":"https:\/\/com-pac.ovh\/preprod2\/wp-json\/wp\/v2\/pages"}],"about":[{"href":"https:\/\/com-pac.ovh\/preprod2\/wp-json\/wp\/v2\/types\/page"}],"author":[{"embeddable":true,"href":"https:\/\/com-pac.ovh\/preprod2\/wp-json\/wp\/v2\/users\/1"}],"replies":[{"embeddable":true,"href":"https:\/\/com-pac.ovh\/preprod2\/wp-json\/wp\/v2\/comments?post=3197"}],"version-history":[{"count":46,"href":"https:\/\/com-pac.ovh\/preprod2\/wp-json\/wp\/v2\/pages\/3197\/revisions"}],"predecessor-version":[{"id":3254,"href":"https:\/\/com-pac.ovh\/preprod2\/wp-json\/wp\/v2\/pages\/3197\/revisions\/3254"}],"wp:attachment":[{"href":"https:\/\/com-pac.ovh\/preprod2\/wp-json\/wp\/v2\/media?parent=3197"}],"curies":[{"name":"wp","href":"https:\/\/api.w.org\/{rel}","templated":true}]}}