
{"id":1665,"date":"2023-09-25T15:48:58","date_gmt":"2023-09-25T13:48:58","guid":{"rendered":"https:\/\/com-pac.ovh\/preprod2\/produit\/hyphessobrycon-amandae\/"},"modified":"2025-06-06T15:46:14","modified_gmt":"2025-06-06T13:46:14","slug":"hyphessobrycon-amandae","status":"publish","type":"product","link":"https:\/\/com-pac.ovh\/preprod2\/produit\/hyphessobrycon-amandae\/","title":{"rendered":"Hyphessobrycon Amandae"},"content":{"rendered":"<p>Hyphessobrycon Amandae aussi nomm\u00e9 le t\u00e9tra amande est un poisson qui vit en banc, il \u00e9volue \u00e0 mi-hauteur de l&#8217;aquarium d&#8217;eau douce. Omnivore et plut\u00f4t actif, il est sociable et ne se pr\u00e9occupe que peu de ses cong\u00e9n\u00e8res.<\/p>\n","protected":false},"excerpt":{"rendered":"<p>Petit Tetra de 2 cm vivant en banc, qualifi\u00e9 d&#8217;animal &#8220;nain&#8221; il est vif et sociable.<\/p>\n","protected":false},"featured_media":1664,"comment_status":"open","ping_status":"closed","template":"","meta":[],"product_brand":[],"product_cat":[82,824],"product_tag":[],"class_list":{"0":"post-1665","1":"product","2":"type-product","3":"status-publish","4":"has-post-thumbnail","6":"product_cat-poissons-invertebres","7":"product_cat-poissons-deau-douce","8":"product_shipping_class-vivants","9":"pa_continent-amerique-du-sud","10":"pa_gh-5-a-10","11":"pa_ph-6-0-7-0-3","12":"pa_taillemaximale-2cm-2","13":"pa_volumeminimum-40l","15":"first","16":"instock","17":"taxable","18":"shipping-taxable","19":"purchasable","20":"product-type-simple"},"acf":[],"_links":{"self":[{"href":"https:\/\/com-pac.ovh\/preprod2\/wp-json\/wp\/v2\/product\/1665","targetHints":{"allow":["GET"]}}],"collection":[{"href":"https:\/\/com-pac.ovh\/preprod2\/wp-json\/wp\/v2\/product"}],"about":[{"href":"https:\/\/com-pac.ovh\/preprod2\/wp-json\/wp\/v2\/types\/product"}],"replies":[{"embeddable":true,"href":"https:\/\/com-pac.ovh\/preprod2\/wp-json\/wp\/v2\/comments?post=1665"}],"wp:featuredmedia":[{"embeddable":true,"href":"https:\/\/com-pac.ovh\/preprod2\/wp-json\/wp\/v2\/media\/1664"}],"wp:attachment":[{"href":"https:\/\/com-pac.ovh\/preprod2\/wp-json\/wp\/v2\/media?parent=1665"}],"wp:term":[{"taxonomy":"product_brand","embeddable":true,"href":"https:\/\/com-pac.ovh\/preprod2\/wp-json\/wp\/v2\/product_brand?post=1665"},{"taxonomy":"product_cat","embeddable":true,"href":"https:\/\/com-pac.ovh\/preprod2\/wp-json\/wp\/v2\/product_cat?post=1665"},{"taxonomy":"product_tag","embeddable":true,"href":"https:\/\/com-pac.ovh\/preprod2\/wp-json\/wp\/v2\/product_tag?post=1665"}],"curies":[{"name":"wp","href":"https:\/\/api.w.org\/{rel}","templated":true}]}}