
{"id":1700,"date":"2023-09-30T09:23:19","date_gmt":"2023-09-30T07:23:19","guid":{"rendered":"https:\/\/com-pac.ovh\/preprod2\/produit\/epuisette-large-maille-12cm\/"},"modified":"2025-06-06T12:25:16","modified_gmt":"2025-06-06T10:25:16","slug":"epuisette-large-maille-12cm","status":"publish","type":"product","link":"https:\/\/com-pac.ovh\/preprod2\/produit\/epuisette-large-maille-12cm\/","title":{"rendered":"Epuisette large maille"},"content":{"rendered":"<p>Cette \u00e9puisette \u00e0 large maille de 12 cm convient pour la plupart des poissons de petites et moyennes tailles. Elle est con\u00e7ue en mati\u00e8re synth\u00e9tique.<\/p>\n","protected":false},"excerpt":{"rendered":"<p>Epuisette \u00e0 larges mailles de 12cm<\/p>\n","protected":false},"featured_media":1699,"comment_status":"open","ping_status":"closed","template":"","meta":[],"product_brand":[1594],"product_cat":[827,84],"product_tag":[],"class_list":{"0":"post-1700","1":"product","2":"type-product","3":"status-publish","4":"has-post-thumbnail","6":"product_brand-jbl","7":"product_cat-accessoires","8":"product_cat-materiel-nourriture","9":"product_shipping_class-materiel-nourriture","10":"pa_taille-en-cm-1334","11":"pa_type-de-poissons-toutes-especes","13":"first","14":"instock","15":"taxable","16":"shipping-taxable","17":"purchasable","18":"product-type-simple"},"acf":[],"_links":{"self":[{"href":"https:\/\/com-pac.ovh\/preprod2\/wp-json\/wp\/v2\/product\/1700","targetHints":{"allow":["GET"]}}],"collection":[{"href":"https:\/\/com-pac.ovh\/preprod2\/wp-json\/wp\/v2\/product"}],"about":[{"href":"https:\/\/com-pac.ovh\/preprod2\/wp-json\/wp\/v2\/types\/product"}],"replies":[{"embeddable":true,"href":"https:\/\/com-pac.ovh\/preprod2\/wp-json\/wp\/v2\/comments?post=1700"}],"wp:featuredmedia":[{"embeddable":true,"href":"https:\/\/com-pac.ovh\/preprod2\/wp-json\/wp\/v2\/media\/1699"}],"wp:attachment":[{"href":"https:\/\/com-pac.ovh\/preprod2\/wp-json\/wp\/v2\/media?parent=1700"}],"wp:term":[{"taxonomy":"product_brand","embeddable":true,"href":"https:\/\/com-pac.ovh\/preprod2\/wp-json\/wp\/v2\/product_brand?post=1700"},{"taxonomy":"product_cat","embeddable":true,"href":"https:\/\/com-pac.ovh\/preprod2\/wp-json\/wp\/v2\/product_cat?post=1700"},{"taxonomy":"product_tag","embeddable":true,"href":"https:\/\/com-pac.ovh\/preprod2\/wp-json\/wp\/v2\/product_tag?post=1700"}],"curies":[{"name":"wp","href":"https:\/\/api.w.org\/{rel}","templated":true}]}}