
{"id":1711,"date":"2023-10-01T09:06:54","date_gmt":"2023-10-01T07:06:54","guid":{"rendered":"https:\/\/com-pac.ovh\/preprod2\/produit\/pethia-nigrofasciatus\/"},"modified":"2025-06-04T10:18:03","modified_gmt":"2025-06-04T08:18:03","slug":"pethia-nigrofasciatus","status":"publish","type":"product","link":"https:\/\/com-pac.ovh\/preprod2\/produit\/pethia-nigrofasciatus\/","title":{"rendered":"Pethia Nigrofasciatus"},"content":{"rendered":"<p>Petit barbus appel\u00e9 barbus nigro est end\u00e9mique du sri Lanka. Facile \u00e0 \u00e9lever et plut\u00f4t herbivore il \u00e9volue dans une eau plut\u00f4t acide aux courants faibles.<\/p>\n","protected":false},"excerpt":{"rendered":"<p>Appel\u00e9 commun\u00e9ment barbus nigro essentiellement herbivore , ce poisson doit \u00eatre maintenu en groupe pour aquarium d&#8217;eau douce.<\/p>\n","protected":false},"featured_media":1710,"comment_status":"open","ping_status":"closed","template":"","meta":[],"product_brand":[],"product_cat":[82,824],"product_tag":[],"class_list":{"0":"post-1711","1":"product","2":"type-product","3":"status-publish","4":"has-post-thumbnail","6":"product_cat-poissons-invertebres","7":"product_cat-poissons-deau-douce","8":"product_shipping_class-vivants","9":"pa_continent-asie","10":"pa_famille-cyprinidae","11":"pa_genre-pethia","12":"pa_gh-10-a-15","13":"pa_maintenance-facile","14":"pa_origine-sri-lanka","15":"pa_ph-6-0-7-5-4","16":"pa_taille-en-cm-1327","17":"pa_taillemaximale-6cm-2","18":"pa_type-de-poissons-barbus","19":"pa_volumeminimum-100l","21":"first","22":"instock","23":"taxable","24":"shipping-taxable","25":"purchasable","26":"product-type-simple"},"acf":[],"_links":{"self":[{"href":"https:\/\/com-pac.ovh\/preprod2\/wp-json\/wp\/v2\/product\/1711","targetHints":{"allow":["GET"]}}],"collection":[{"href":"https:\/\/com-pac.ovh\/preprod2\/wp-json\/wp\/v2\/product"}],"about":[{"href":"https:\/\/com-pac.ovh\/preprod2\/wp-json\/wp\/v2\/types\/product"}],"replies":[{"embeddable":true,"href":"https:\/\/com-pac.ovh\/preprod2\/wp-json\/wp\/v2\/comments?post=1711"}],"wp:featuredmedia":[{"embeddable":true,"href":"https:\/\/com-pac.ovh\/preprod2\/wp-json\/wp\/v2\/media\/1710"}],"wp:attachment":[{"href":"https:\/\/com-pac.ovh\/preprod2\/wp-json\/wp\/v2\/media?parent=1711"}],"wp:term":[{"taxonomy":"product_brand","embeddable":true,"href":"https:\/\/com-pac.ovh\/preprod2\/wp-json\/wp\/v2\/product_brand?post=1711"},{"taxonomy":"product_cat","embeddable":true,"href":"https:\/\/com-pac.ovh\/preprod2\/wp-json\/wp\/v2\/product_cat?post=1711"},{"taxonomy":"product_tag","embeddable":true,"href":"https:\/\/com-pac.ovh\/preprod2\/wp-json\/wp\/v2\/product_tag?post=1711"}],"curies":[{"name":"wp","href":"https:\/\/api.w.org\/{rel}","templated":true}]}}