
{"id":1716,"date":"2023-10-01T09:19:06","date_gmt":"2023-10-01T07:19:06","guid":{"rendered":"https:\/\/com-pac.ovh\/preprod2\/produit\/barbodes-semifasciolatus\/"},"modified":"2025-06-16T14:25:08","modified_gmt":"2025-06-16T12:25:08","slug":"barbodes-semifasciolatus","status":"publish","type":"product","link":"https:\/\/com-pac.ovh\/preprod2\/produit\/barbodes-semifasciolatus\/","title":{"rendered":"Barbodes Semifasciolatus"},"content":{"rendered":"<p>Commun\u00e9ment appel\u00e9 Barbus de Schubert il est originaire d&#8217;asie, ne d\u00e9passe pas les 7 cm comme tous les barbus aime vivre en petits groupes.<\/p>\n","protected":false},"excerpt":{"rendered":"<p>Petit barbus vif appel\u00e9 commun\u00e9ment barbu dor\u00e9 ou barbu Schubert.<\/p>\n","protected":false},"featured_media":1714,"comment_status":"open","ping_status":"closed","template":"","meta":[],"product_brand":[],"product_cat":[82,824],"product_tag":[],"class_list":{"0":"post-1716","1":"product","2":"type-product","3":"status-publish","4":"has-post-thumbnail","6":"product_cat-poissons-invertebres","7":"product_cat-poissons-deau-douce","8":"product_shipping_class-vivants","9":"pa_continent-asie","10":"pa_famille-cyprinidae","11":"pa_genre-barbodes","12":"pa_gh-5-15-3","13":"pa_maintenance-facile","14":"pa_ph-6-0-7-5-4","15":"pa_taillemaximale-7cm-2","16":"pa_volumeminimum-80l","18":"first","19":"instock","20":"taxable","21":"shipping-taxable","22":"purchasable","23":"product-type-simple"},"acf":[],"_links":{"self":[{"href":"https:\/\/com-pac.ovh\/preprod2\/wp-json\/wp\/v2\/product\/1716","targetHints":{"allow":["GET"]}}],"collection":[{"href":"https:\/\/com-pac.ovh\/preprod2\/wp-json\/wp\/v2\/product"}],"about":[{"href":"https:\/\/com-pac.ovh\/preprod2\/wp-json\/wp\/v2\/types\/product"}],"replies":[{"embeddable":true,"href":"https:\/\/com-pac.ovh\/preprod2\/wp-json\/wp\/v2\/comments?post=1716"}],"wp:featuredmedia":[{"embeddable":true,"href":"https:\/\/com-pac.ovh\/preprod2\/wp-json\/wp\/v2\/media\/1714"}],"wp:attachment":[{"href":"https:\/\/com-pac.ovh\/preprod2\/wp-json\/wp\/v2\/media?parent=1716"}],"wp:term":[{"taxonomy":"product_brand","embeddable":true,"href":"https:\/\/com-pac.ovh\/preprod2\/wp-json\/wp\/v2\/product_brand?post=1716"},{"taxonomy":"product_cat","embeddable":true,"href":"https:\/\/com-pac.ovh\/preprod2\/wp-json\/wp\/v2\/product_cat?post=1716"},{"taxonomy":"product_tag","embeddable":true,"href":"https:\/\/com-pac.ovh\/preprod2\/wp-json\/wp\/v2\/product_tag?post=1716"}],"curies":[{"name":"wp","href":"https:\/\/api.w.org\/{rel}","templated":true}]}}