
{"id":1759,"date":"2023-10-01T11:22:23","date_gmt":"2023-10-01T09:22:23","guid":{"rendered":"https:\/\/com-pac.ovh\/preprod2\/produit\/pristella-maxillaris\/"},"modified":"2025-05-27T10:21:31","modified_gmt":"2025-05-27T08:21:31","slug":"pristella-maxillaris","status":"publish","type":"product","link":"https:\/\/com-pac.ovh\/preprod2\/produit\/pristella-maxillaris\/","title":{"rendered":"Pristella Maxillaris"},"content":{"rendered":"<p>Le Pristella Maxillaris est couramment appel\u00e9 T\u00e9tra rayons x. C&#8217;est un petit poisson originaire d&#8217;Am\u00e9rique du sud. Il vit en banc en eau peu profonde qui ne se pr\u00e9occupe que peu des autres esp\u00e8ces. Id\u00e9al en aquarium d&#8217;eau douce.<\/p>\n","protected":false},"excerpt":{"rendered":"<p>Petit t\u00e9tra appel\u00e9 Pristella de ridley ou t\u00e9tra rayon X<\/p>\n","protected":false},"featured_media":1758,"comment_status":"open","ping_status":"closed","template":"","meta":[],"product_brand":[],"product_cat":[82,824],"product_tag":[],"class_list":{"0":"post-1759","1":"product","2":"type-product","3":"status-publish","4":"has-post-thumbnail","6":"product_cat-poissons-invertebres","7":"product_cat-poissons-deau-douce","8":"product_shipping_class-vivants","9":"pa_continent-amerique","10":"pa_famille-characidae","11":"pa_genre-pristella","12":"pa_gh-5-20-4","13":"pa_maintenance-facile","14":"pa_ph-6-0-8-0-4","15":"pa_taille-en-cm-1327","16":"pa_taillemaximale-5cm-2","17":"pa_type-de-poissons-tetras","18":"pa_volumeminimum-60l","20":"first","21":"instock","22":"taxable","23":"shipping-taxable","24":"purchasable","25":"product-type-simple"},"acf":[],"_links":{"self":[{"href":"https:\/\/com-pac.ovh\/preprod2\/wp-json\/wp\/v2\/product\/1759","targetHints":{"allow":["GET"]}}],"collection":[{"href":"https:\/\/com-pac.ovh\/preprod2\/wp-json\/wp\/v2\/product"}],"about":[{"href":"https:\/\/com-pac.ovh\/preprod2\/wp-json\/wp\/v2\/types\/product"}],"replies":[{"embeddable":true,"href":"https:\/\/com-pac.ovh\/preprod2\/wp-json\/wp\/v2\/comments?post=1759"}],"wp:featuredmedia":[{"embeddable":true,"href":"https:\/\/com-pac.ovh\/preprod2\/wp-json\/wp\/v2\/media\/1758"}],"wp:attachment":[{"href":"https:\/\/com-pac.ovh\/preprod2\/wp-json\/wp\/v2\/media?parent=1759"}],"wp:term":[{"taxonomy":"product_brand","embeddable":true,"href":"https:\/\/com-pac.ovh\/preprod2\/wp-json\/wp\/v2\/product_brand?post=1759"},{"taxonomy":"product_cat","embeddable":true,"href":"https:\/\/com-pac.ovh\/preprod2\/wp-json\/wp\/v2\/product_cat?post=1759"},{"taxonomy":"product_tag","embeddable":true,"href":"https:\/\/com-pac.ovh\/preprod2\/wp-json\/wp\/v2\/product_tag?post=1759"}],"curies":[{"name":"wp","href":"https:\/\/api.w.org\/{rel}","templated":true}]}}