
{"id":1824,"date":"2023-10-07T11:48:46","date_gmt":"2023-10-07T09:48:46","guid":{"rendered":"https:\/\/com-pac.ovh\/preprod2\/produit\/thermometres-flottant-a-ventouse-amtra\/"},"modified":"2025-06-06T12:23:01","modified_gmt":"2025-06-06T10:23:01","slug":"thermometres-flottant-a-ventouse-amtra","status":"publish","type":"product","link":"https:\/\/com-pac.ovh\/preprod2\/produit\/thermometres-flottant-a-ventouse-amtra\/","title":{"rendered":"Thermom\u00e8tres flottant \u00e0 ventouse Amtra"},"content":{"rendered":"<p>Thermom\u00e8tre pour aquarium sous blister. Il est flottant et livr\u00e9 avec sa ventouse. Plage de mesure de 0 \u00e0 50\u00b0C.<\/p>\n","protected":false},"excerpt":{"rendered":"<p>Thermom\u00e8tre flottant \u00e0 ventouse 0 \u00e0 50\u00b0C<\/p>\n","protected":false},"featured_media":1823,"comment_status":"open","ping_status":"closed","template":"","meta":[],"product_brand":[1597,1594],"product_cat":[827,84],"product_tag":[],"class_list":{"0":"post-1824","1":"product","2":"type-product","3":"status-publish","4":"has-post-thumbnail","6":"product_brand-amtra","7":"product_brand-jbl","8":"product_cat-accessoires","9":"product_cat-materiel-nourriture","10":"product_shipping_class-materiel-nourriture","12":"first","13":"instock","14":"taxable","15":"shipping-taxable","16":"purchasable","17":"product-type-simple"},"acf":[],"_links":{"self":[{"href":"https:\/\/com-pac.ovh\/preprod2\/wp-json\/wp\/v2\/product\/1824","targetHints":{"allow":["GET"]}}],"collection":[{"href":"https:\/\/com-pac.ovh\/preprod2\/wp-json\/wp\/v2\/product"}],"about":[{"href":"https:\/\/com-pac.ovh\/preprod2\/wp-json\/wp\/v2\/types\/product"}],"replies":[{"embeddable":true,"href":"https:\/\/com-pac.ovh\/preprod2\/wp-json\/wp\/v2\/comments?post=1824"}],"wp:featuredmedia":[{"embeddable":true,"href":"https:\/\/com-pac.ovh\/preprod2\/wp-json\/wp\/v2\/media\/1823"}],"wp:attachment":[{"href":"https:\/\/com-pac.ovh\/preprod2\/wp-json\/wp\/v2\/media?parent=1824"}],"wp:term":[{"taxonomy":"product_brand","embeddable":true,"href":"https:\/\/com-pac.ovh\/preprod2\/wp-json\/wp\/v2\/product_brand?post=1824"},{"taxonomy":"product_cat","embeddable":true,"href":"https:\/\/com-pac.ovh\/preprod2\/wp-json\/wp\/v2\/product_cat?post=1824"},{"taxonomy":"product_tag","embeddable":true,"href":"https:\/\/com-pac.ovh\/preprod2\/wp-json\/wp\/v2\/product_tag?post=1824"}],"curies":[{"name":"wp","href":"https:\/\/api.w.org\/{rel}","templated":true}]}}