
{"id":1863,"date":"2023-10-14T19:08:12","date_gmt":"2023-10-14T17:08:12","guid":{"rendered":"https:\/\/com-pac.ovh\/preprod2\/produit\/ludwigia-glandulosa\/"},"modified":"2025-06-06T13:38:43","modified_gmt":"2025-06-06T11:38:43","slug":"ludwigia-glandulosa","status":"publish","type":"product","link":"https:\/\/com-pac.ovh\/preprod2\/produit\/ludwigia-glandulosa\/","title":{"rendered":"Ludwigia Glandulosa"},"content":{"rendered":"<p>Ludwigia Glandulosa est originaire des \u00e9tats unis.\u00a0Cette plante &#8220;glanduleuse&#8221; est exigeante et pourra n\u00e9cessiter l&#8217;utilisation de CO2.<\/p>\n","protected":false},"excerpt":{"rendered":"<p>Ludwigia Glandulosa est originaire des \u00e9tats unis. Elle est \u00e0 r\u00e9server aux amateurs avertis.<\/p>\n","protected":false},"featured_media":1862,"comment_status":"open","ping_status":"closed","template":"","meta":[],"product_brand":[],"product_cat":[83],"product_tag":[],"class_list":{"0":"post-1863","1":"product","2":"type-product","3":"status-publish","4":"has-post-thumbnail","6":"product_cat-plantes-daquariums","7":"product_shipping_class-materiel-nourriture","8":"pa_conditionnement-bouquet","9":"pa_croissance-lente","10":"pa_maintenance-difficile","11":"pa_ph-5-5-a-8-0","13":"first","14":"onbackorder","15":"taxable","16":"shipping-taxable","17":"purchasable","18":"product-type-simple"},"acf":[],"_links":{"self":[{"href":"https:\/\/com-pac.ovh\/preprod2\/wp-json\/wp\/v2\/product\/1863","targetHints":{"allow":["GET"]}}],"collection":[{"href":"https:\/\/com-pac.ovh\/preprod2\/wp-json\/wp\/v2\/product"}],"about":[{"href":"https:\/\/com-pac.ovh\/preprod2\/wp-json\/wp\/v2\/types\/product"}],"replies":[{"embeddable":true,"href":"https:\/\/com-pac.ovh\/preprod2\/wp-json\/wp\/v2\/comments?post=1863"}],"wp:featuredmedia":[{"embeddable":true,"href":"https:\/\/com-pac.ovh\/preprod2\/wp-json\/wp\/v2\/media\/1862"}],"wp:attachment":[{"href":"https:\/\/com-pac.ovh\/preprod2\/wp-json\/wp\/v2\/media?parent=1863"}],"wp:term":[{"taxonomy":"product_brand","embeddable":true,"href":"https:\/\/com-pac.ovh\/preprod2\/wp-json\/wp\/v2\/product_brand?post=1863"},{"taxonomy":"product_cat","embeddable":true,"href":"https:\/\/com-pac.ovh\/preprod2\/wp-json\/wp\/v2\/product_cat?post=1863"},{"taxonomy":"product_tag","embeddable":true,"href":"https:\/\/com-pac.ovh\/preprod2\/wp-json\/wp\/v2\/product_tag?post=1863"}],"curies":[{"name":"wp","href":"https:\/\/api.w.org\/{rel}","templated":true}]}}