
{"id":1933,"date":"2023-11-06T20:19:55","date_gmt":"2023-11-06T19:19:55","guid":{"rendered":"https:\/\/com-pac.ovh\/preprod2\/produit\/easy-life-voogle-250-ml\/"},"modified":"2025-06-06T11:44:42","modified_gmt":"2025-06-06T09:44:42","slug":"easy-life-voogle-250-ml","status":"publish","type":"product","link":"https:\/\/com-pac.ovh\/preprod2\/produit\/easy-life-voogle-250-ml\/","title":{"rendered":"EASY LIFE VOOGLE"},"content":{"rendered":"<p>Pr\u00e9venir les maladies des poissons sans l\u2019utilisation d\u2019antibiotiques<\/p>\n<p>Voogle est un produit inoffensif qui soutient la sant\u00e9 des poissons et renforce leur syst\u00e8me immunitaire. L\u2019utilisation de Voogle permet de limiter au strict minimum l\u2019utilisation d\u2019antibiotiques. Il stimule le syst\u00e8me immunitaire naturel et permet ainsi aux poissons de mieux se prot\u00e9ger contre les maladies.<\/p>\n<p>Chaque poisson dispose d\u2019un syst\u00e8me immunitaire naturel contre les agents pathog\u00e8nes. Des circonstances telles que le transport, une eau sale ou une quantit\u00e9 \u00e9lev\u00e9e d\u2019agents pathog\u00e8nes dans l\u2019eau, engendrent \u00e9norm\u00e9ment de stress. Le stress co\u00fbte beaucoup d\u2019\u00e9nergie et nuit au syst\u00e8me immunitaire. Notamment les muqueuses, branchies et nageoires deviennent alors tr\u00e8s sensibles \u00e0 des maladies telles que la maladie des points blancs, les champignons et \u00e0 d\u2019autres types d\u2019infections. En utilisant Voogle chaque semaine, les poissons restent prot\u00e9g\u00e9s de mani\u00e8re optimale et naturelle. Cela r\u00e9duit fortement le risque d\u2019apparition de toutes sortes d\u2019agents pathog\u00e8nes.<\/p>\n","protected":false},"excerpt":{"rendered":"<p>Pr\u00e9venir les maladies des poissons sans l\u2019utilisation d\u2019antibiotiques: Voogle est un produit inoffensif qui soutient la sant\u00e9 des poissons et renforce leur syst\u00e8me immunitaire. L\u2019utilisation de Voogle permet de limiter au strict minimum l\u2019utilisation d\u2019antibiotiques. Il stimule le syst\u00e8me immunitaire naturel et permet ainsi aux poissons de mieux se prot\u00e9ger contre les maladies.<\/p>\n","protected":false},"featured_media":1932,"comment_status":"open","ping_status":"closed","template":"","meta":[],"product_brand":[1596],"product_cat":[827,84],"product_tag":[],"class_list":{"0":"post-1933","1":"product","2":"type-product","3":"status-publish","4":"has-post-thumbnail","6":"product_brand-easy-life","7":"product_cat-accessoires","8":"product_cat-materiel-nourriture","9":"product_shipping_class-materiel-nourriture","10":"pa_contenance-250ml","12":"first","13":"instock","14":"taxable","15":"shipping-taxable","16":"purchasable","17":"product-type-simple"},"acf":[],"_links":{"self":[{"href":"https:\/\/com-pac.ovh\/preprod2\/wp-json\/wp\/v2\/product\/1933","targetHints":{"allow":["GET"]}}],"collection":[{"href":"https:\/\/com-pac.ovh\/preprod2\/wp-json\/wp\/v2\/product"}],"about":[{"href":"https:\/\/com-pac.ovh\/preprod2\/wp-json\/wp\/v2\/types\/product"}],"replies":[{"embeddable":true,"href":"https:\/\/com-pac.ovh\/preprod2\/wp-json\/wp\/v2\/comments?post=1933"}],"wp:featuredmedia":[{"embeddable":true,"href":"https:\/\/com-pac.ovh\/preprod2\/wp-json\/wp\/v2\/media\/1932"}],"wp:attachment":[{"href":"https:\/\/com-pac.ovh\/preprod2\/wp-json\/wp\/v2\/media?parent=1933"}],"wp:term":[{"taxonomy":"product_brand","embeddable":true,"href":"https:\/\/com-pac.ovh\/preprod2\/wp-json\/wp\/v2\/product_brand?post=1933"},{"taxonomy":"product_cat","embeddable":true,"href":"https:\/\/com-pac.ovh\/preprod2\/wp-json\/wp\/v2\/product_cat?post=1933"},{"taxonomy":"product_tag","embeddable":true,"href":"https:\/\/com-pac.ovh\/preprod2\/wp-json\/wp\/v2\/product_tag?post=1933"}],"curies":[{"name":"wp","href":"https:\/\/api.w.org\/{rel}","templated":true}]}}