
{"id":2102,"date":"2023-12-02T11:44:41","date_gmt":"2023-12-02T10:44:41","guid":{"rendered":"https:\/\/com-pac.ovh\/preprod2\/produit\/bacopa-caroliniana\/"},"modified":"2025-06-11T12:33:09","modified_gmt":"2025-06-11T10:33:09","slug":"bacopa-caroliniana","status":"publish","type":"product","link":"https:\/\/com-pac.ovh\/preprod2\/produit\/bacopa-caroliniana\/","title":{"rendered":"Bacopa Caroliniana"},"content":{"rendered":"","protected":false},"excerpt":{"rendered":"<p>Bacopa caroliniana est une plante aquatique \u00e0 tige robuste, id\u00e9ale pour les d\u00e9butants. Son feuillage vert clair aux reflets l\u00e9g\u00e8rement cuivr\u00e9s devient orang\u00e9 sous \u00e9clairage intense. Peu exigeante, elle pousse lentement et se bouture facilement. Elle trouve parfaitement sa place \u00e0 l\u2019arri\u00e8re-plan o\u00f9 elle apporte structure et douceur, dans une large gamme de param\u00e8tres d\u2019eau.<\/p>\n","protected":false},"featured_media":2101,"comment_status":"open","ping_status":"closed","template":"","meta":[],"product_brand":[],"product_cat":[83],"product_tag":[],"class_list":{"0":"post-2102","1":"product","2":"type-product","3":"status-publish","4":"has-post-thumbnail","6":"product_cat-plantes-daquariums","7":"product_shipping_class-materiel-nourriture","8":"pa_croissance-lente","9":"pa_gh-4-12-2","10":"pa_origine-amrique-du-nord","11":"pa_ph-6-0-7-5-4","13":"first","14":"instock","15":"taxable","16":"shipping-taxable","17":"purchasable","18":"product-type-simple"},"acf":[],"_links":{"self":[{"href":"https:\/\/com-pac.ovh\/preprod2\/wp-json\/wp\/v2\/product\/2102","targetHints":{"allow":["GET"]}}],"collection":[{"href":"https:\/\/com-pac.ovh\/preprod2\/wp-json\/wp\/v2\/product"}],"about":[{"href":"https:\/\/com-pac.ovh\/preprod2\/wp-json\/wp\/v2\/types\/product"}],"replies":[{"embeddable":true,"href":"https:\/\/com-pac.ovh\/preprod2\/wp-json\/wp\/v2\/comments?post=2102"}],"wp:featuredmedia":[{"embeddable":true,"href":"https:\/\/com-pac.ovh\/preprod2\/wp-json\/wp\/v2\/media\/2101"}],"wp:attachment":[{"href":"https:\/\/com-pac.ovh\/preprod2\/wp-json\/wp\/v2\/media?parent=2102"}],"wp:term":[{"taxonomy":"product_brand","embeddable":true,"href":"https:\/\/com-pac.ovh\/preprod2\/wp-json\/wp\/v2\/product_brand?post=2102"},{"taxonomy":"product_cat","embeddable":true,"href":"https:\/\/com-pac.ovh\/preprod2\/wp-json\/wp\/v2\/product_cat?post=2102"},{"taxonomy":"product_tag","embeddable":true,"href":"https:\/\/com-pac.ovh\/preprod2\/wp-json\/wp\/v2\/product_tag?post=2102"}],"curies":[{"name":"wp","href":"https:\/\/api.w.org\/{rel}","templated":true}]}}