
{"id":2106,"date":"2023-12-02T11:48:13","date_gmt":"2023-12-02T10:48:13","guid":{"rendered":"https:\/\/com-pac.ovh\/preprod2\/produit\/ceratopteris-siliquosa\/"},"modified":"2025-06-11T12:26:31","modified_gmt":"2025-06-11T10:26:31","slug":"ceratopteris-siliquosa","status":"publish","type":"product","link":"https:\/\/com-pac.ovh\/preprod2\/produit\/ceratopteris-siliquosa\/","title":{"rendered":"Ceratopteris siliquosa"},"content":{"rendered":"","protected":false},"excerpt":{"rendered":"<p>Ceratopteris siliquosa, aussi appel\u00e9e foug\u00e8re de Sumatra ou <em data-start=\"2885\" data-end=\"2899\">Water Sprite<\/em>, est une plante aquatique polyvalente et d\u00e9corative. Son feuillage d\u00e9licat forme rapidement des buissons denses ou flotte \u00e0 la surface, offrant refuge aux alevins. Facile \u00e0 cultiver, elle s\u2019\u00e9panouit sous \u00e9clairage moyen \u00e0 intense, et tol\u00e8re une large gamme de param\u00e8tres. La CO\u2082 est optionnelle, mais dynamise sa croissance\u202f: pens\u00e9e pour les aquascapes dynamiques, elle requiert une taille r\u00e9guli\u00e8re pour \u00e9viter son expansion envahissante. Id\u00e9ale pour ajouter du volume et de la texture en arri\u00e8re-plan.<\/p>\n","protected":false},"featured_media":2105,"comment_status":"open","ping_status":"closed","template":"","meta":[],"product_brand":[],"product_cat":[83],"product_tag":[],"class_list":{"0":"post-2106","1":"product","2":"type-product","3":"status-publish","4":"has-post-thumbnail","6":"product_cat-plantes-daquariums","7":"product_shipping_class-materiel-nourriture","8":"pa_croissance-rapide","9":"pa_gh-3-15-2","10":"pa_origine-asie-du-sud-est","11":"pa_ph-5-0-8-0-2","13":"first","14":"instock","15":"taxable","16":"shipping-taxable","17":"purchasable","18":"product-type-simple"},"acf":[],"_links":{"self":[{"href":"https:\/\/com-pac.ovh\/preprod2\/wp-json\/wp\/v2\/product\/2106","targetHints":{"allow":["GET"]}}],"collection":[{"href":"https:\/\/com-pac.ovh\/preprod2\/wp-json\/wp\/v2\/product"}],"about":[{"href":"https:\/\/com-pac.ovh\/preprod2\/wp-json\/wp\/v2\/types\/product"}],"replies":[{"embeddable":true,"href":"https:\/\/com-pac.ovh\/preprod2\/wp-json\/wp\/v2\/comments?post=2106"}],"wp:featuredmedia":[{"embeddable":true,"href":"https:\/\/com-pac.ovh\/preprod2\/wp-json\/wp\/v2\/media\/2105"}],"wp:attachment":[{"href":"https:\/\/com-pac.ovh\/preprod2\/wp-json\/wp\/v2\/media?parent=2106"}],"wp:term":[{"taxonomy":"product_brand","embeddable":true,"href":"https:\/\/com-pac.ovh\/preprod2\/wp-json\/wp\/v2\/product_brand?post=2106"},{"taxonomy":"product_cat","embeddable":true,"href":"https:\/\/com-pac.ovh\/preprod2\/wp-json\/wp\/v2\/product_cat?post=2106"},{"taxonomy":"product_tag","embeddable":true,"href":"https:\/\/com-pac.ovh\/preprod2\/wp-json\/wp\/v2\/product_tag?post=2106"}],"curies":[{"name":"wp","href":"https:\/\/api.w.org\/{rel}","templated":true}]}}