
{"id":2112,"date":"2023-12-02T11:54:41","date_gmt":"2023-12-02T10:54:41","guid":{"rendered":"https:\/\/com-pac.ovh\/preprod2\/produit\/eleocharis-acicularis\/"},"modified":"2025-06-11T12:48:44","modified_gmt":"2025-06-11T10:48:44","slug":"eleocharis-acicularis","status":"publish","type":"product","link":"https:\/\/com-pac.ovh\/preprod2\/produit\/eleocharis-acicularis\/","title":{"rendered":"Eleocharis acicularis"},"content":{"rendered":"","protected":false},"excerpt":{"rendered":"<p>Eleocharis acicularis (Dwarf Hairgrass) est une plante gazonnante tr\u00e8s pris\u00e9e pour l\u2019avant-plan et la midground des aquariums. Elle forme un tapis lumineux de tiges fines (5 \u00e0 15\u202fcm), facile \u00e0 entretenir via des tailles r\u00e9guli\u00e8res. Adapt\u00e9e \u00e0 un \u00e9clairage moyen \u00e0 fort et profitant d\u2019un apport de CO\u2082 (6\u201314\u202fmg\/L) pour densifier le tapis, elle tol\u00e8re aussi une utilisation en bac low-tech. Son \u00e9l\u00e9gante finesse et sa croissance moyennement rapide en font un \u00e9l\u00e9ment structurant id\u00e9al pour vos aquascapes.<\/p>\n","protected":false},"featured_media":2111,"comment_status":"open","ping_status":"closed","template":"","meta":[],"product_brand":[],"product_cat":[83],"product_tag":[],"class_list":{"0":"post-2112","1":"product","2":"type-product","3":"status-publish","4":"has-post-thumbnail","6":"product_cat-plantes-daquariums","7":"product_shipping_class-materiel-nourriture","8":"pa_croissance-lente","9":"pa_gh-4-12-2","10":"pa_origine-cosmopolite-europe-asie-amerique-du-nord-sud","11":"pa_ph-6-0-7-5-4","13":"first","14":"instock","15":"taxable","16":"shipping-taxable","17":"purchasable","18":"product-type-simple"},"acf":[],"_links":{"self":[{"href":"https:\/\/com-pac.ovh\/preprod2\/wp-json\/wp\/v2\/product\/2112","targetHints":{"allow":["GET"]}}],"collection":[{"href":"https:\/\/com-pac.ovh\/preprod2\/wp-json\/wp\/v2\/product"}],"about":[{"href":"https:\/\/com-pac.ovh\/preprod2\/wp-json\/wp\/v2\/types\/product"}],"replies":[{"embeddable":true,"href":"https:\/\/com-pac.ovh\/preprod2\/wp-json\/wp\/v2\/comments?post=2112"}],"wp:featuredmedia":[{"embeddable":true,"href":"https:\/\/com-pac.ovh\/preprod2\/wp-json\/wp\/v2\/media\/2111"}],"wp:attachment":[{"href":"https:\/\/com-pac.ovh\/preprod2\/wp-json\/wp\/v2\/media?parent=2112"}],"wp:term":[{"taxonomy":"product_brand","embeddable":true,"href":"https:\/\/com-pac.ovh\/preprod2\/wp-json\/wp\/v2\/product_brand?post=2112"},{"taxonomy":"product_cat","embeddable":true,"href":"https:\/\/com-pac.ovh\/preprod2\/wp-json\/wp\/v2\/product_cat?post=2112"},{"taxonomy":"product_tag","embeddable":true,"href":"https:\/\/com-pac.ovh\/preprod2\/wp-json\/wp\/v2\/product_tag?post=2112"}],"curies":[{"name":"wp","href":"https:\/\/api.w.org\/{rel}","templated":true}]}}