
{"id":2120,"date":"2023-12-02T19:42:10","date_gmt":"2023-12-02T18:42:10","guid":{"rendered":"https:\/\/com-pac.ovh\/preprod2\/produit\/neritina-varie\/"},"modified":"2025-06-03T11:28:22","modified_gmt":"2025-06-03T09:28:22","slug":"neritina-varie","status":"publish","type":"product","link":"https:\/\/com-pac.ovh\/preprod2\/produit\/neritina-varie\/","title":{"rendered":"Neritina Vari\u00e9"},"content":{"rendered":"<p>Le neritina variegata ou n\u00e9rite tatou\u00e9 est un escargot d&#8217;eau douce dit Amphidrome. Ils pondent en eau douce et les larves sont emport\u00e9es jusqu&#8217;\u00e0 la mer. Les individus revenant ensuite en eau douce.<\/p>\n","protected":false},"excerpt":{"rendered":"<p>Le neritina variegata est un escargot d&#8217;eau douce mangeur d&#8217;algues.<\/p>\n","protected":false},"featured_media":2119,"comment_status":"open","ping_status":"closed","template":"","meta":[],"product_brand":[],"product_cat":[82,824],"product_tag":[],"class_list":{"0":"post-2120","1":"product","2":"type-product","3":"status-publish","4":"has-post-thumbnail","6":"product_cat-poissons-invertebres","7":"product_cat-poissons-deau-douce","8":"product_shipping_class-vivants","9":"pa_famille-neritidae","10":"pa_genre-neritina","11":"pa_gh-6-20","12":"pa_maintenance-facile","13":"pa_ph-6-5-8-0-3","14":"pa_taille-en-cm-2-5","15":"pa_taillemaximale-3cm-2","16":"pa_type-de-poissons-escargots","17":"pa_volumeminimum-20l","19":"first","20":"instock","21":"taxable","22":"shipping-taxable","23":"purchasable","24":"product-type-simple"},"acf":[],"_links":{"self":[{"href":"https:\/\/com-pac.ovh\/preprod2\/wp-json\/wp\/v2\/product\/2120","targetHints":{"allow":["GET"]}}],"collection":[{"href":"https:\/\/com-pac.ovh\/preprod2\/wp-json\/wp\/v2\/product"}],"about":[{"href":"https:\/\/com-pac.ovh\/preprod2\/wp-json\/wp\/v2\/types\/product"}],"replies":[{"embeddable":true,"href":"https:\/\/com-pac.ovh\/preprod2\/wp-json\/wp\/v2\/comments?post=2120"}],"wp:featuredmedia":[{"embeddable":true,"href":"https:\/\/com-pac.ovh\/preprod2\/wp-json\/wp\/v2\/media\/2119"}],"wp:attachment":[{"href":"https:\/\/com-pac.ovh\/preprod2\/wp-json\/wp\/v2\/media?parent=2120"}],"wp:term":[{"taxonomy":"product_brand","embeddable":true,"href":"https:\/\/com-pac.ovh\/preprod2\/wp-json\/wp\/v2\/product_brand?post=2120"},{"taxonomy":"product_cat","embeddable":true,"href":"https:\/\/com-pac.ovh\/preprod2\/wp-json\/wp\/v2\/product_cat?post=2120"},{"taxonomy":"product_tag","embeddable":true,"href":"https:\/\/com-pac.ovh\/preprod2\/wp-json\/wp\/v2\/product_tag?post=2120"}],"curies":[{"name":"wp","href":"https:\/\/api.w.org\/{rel}","templated":true}]}}