
{"id":2172,"date":"2024-01-21T08:27:16","date_gmt":"2024-01-21T07:27:16","guid":{"rendered":"https:\/\/com-pac.ovh\/preprod2\/produit\/nannacara-anomala\/"},"modified":"2025-06-03T11:14:07","modified_gmt":"2025-06-03T09:14:07","slug":"nannacara-anomala","status":"publish","type":"product","link":"https:\/\/com-pac.ovh\/preprod2\/produit\/nannacara-anomala\/","title":{"rendered":"Nannacara Anomala"},"content":{"rendered":"<p>Nannacara Anomala ou cichlid\u00e9 \u00e0 oeil d&#8217;or est un cichlid\u00e9 nain originaire d&#8217;am\u00e9rique du sud vivant en petit groupe ou en couple. Il occupera le fond de l&#8217;aquarium d&#8217;eau douce.<\/p>\n","protected":false},"excerpt":{"rendered":"<p>Nannacara Anomala ou cichlid\u00e9 \u00e0 oeil d&#8217;or est un cichlid\u00e9 nain originaire d&#8217;am\u00e9rique du sud.<\/p>\n","protected":false},"featured_media":2170,"comment_status":"open","ping_status":"closed","template":"","meta":[],"product_brand":[],"product_cat":[82,824],"product_tag":[],"class_list":{"0":"post-2172","1":"product","2":"type-product","3":"status-publish","4":"has-post-thumbnail","6":"product_cat-poissons-invertebres","7":"product_cat-poissons-deau-douce","8":"product_shipping_class-vivants","9":"pa_continent-amerique-du-sud","10":"pa_famille-cichlidae","11":"pa_genre-nannacara","12":"pa_gh-12-25","13":"pa_maintenance-moderee","14":"pa_ph-6-0-7-5-4","15":"pa_taille-en-cm-1328","16":"pa_taillemaximale-8cm","17":"pa_type-de-poissons-cichlides-nains","18":"pa_volumeminimum-100l","20":"first","21":"instock","22":"taxable","23":"shipping-taxable","24":"purchasable","25":"product-type-simple"},"acf":[],"_links":{"self":[{"href":"https:\/\/com-pac.ovh\/preprod2\/wp-json\/wp\/v2\/product\/2172","targetHints":{"allow":["GET"]}}],"collection":[{"href":"https:\/\/com-pac.ovh\/preprod2\/wp-json\/wp\/v2\/product"}],"about":[{"href":"https:\/\/com-pac.ovh\/preprod2\/wp-json\/wp\/v2\/types\/product"}],"replies":[{"embeddable":true,"href":"https:\/\/com-pac.ovh\/preprod2\/wp-json\/wp\/v2\/comments?post=2172"}],"wp:featuredmedia":[{"embeddable":true,"href":"https:\/\/com-pac.ovh\/preprod2\/wp-json\/wp\/v2\/media\/2170"}],"wp:attachment":[{"href":"https:\/\/com-pac.ovh\/preprod2\/wp-json\/wp\/v2\/media?parent=2172"}],"wp:term":[{"taxonomy":"product_brand","embeddable":true,"href":"https:\/\/com-pac.ovh\/preprod2\/wp-json\/wp\/v2\/product_brand?post=2172"},{"taxonomy":"product_cat","embeddable":true,"href":"https:\/\/com-pac.ovh\/preprod2\/wp-json\/wp\/v2\/product_cat?post=2172"},{"taxonomy":"product_tag","embeddable":true,"href":"https:\/\/com-pac.ovh\/preprod2\/wp-json\/wp\/v2\/product_tag?post=2172"}],"curies":[{"name":"wp","href":"https:\/\/api.w.org\/{rel}","templated":true}]}}