
{"id":2279,"date":"2024-03-12T11:14:03","date_gmt":"2024-03-12T10:14:03","guid":{"rendered":"https:\/\/com-pac.ovh\/preprod2\/produit\/combines-chauffants\/"},"modified":"2025-06-06T11:25:54","modified_gmt":"2025-06-06T09:25:54","slug":"combines-chauffants","status":"publish","type":"product","link":"https:\/\/com-pac.ovh\/preprod2\/produit\/combines-chauffants\/","title":{"rendered":"Combin\u00e9s chauffants"},"content":{"rendered":"<p>Thermo r\u00e9sistance pour aquarium eau douce de 25 watts \u00e0 300 watts<\/p>\n","protected":false},"excerpt":{"rendered":"<p>CHAUFFAGE PLATINIUM AQUAEL<\/p>\n","protected":false},"featured_media":2278,"comment_status":"open","ping_status":"closed","template":"","meta":[],"product_brand":[1598],"product_cat":[827,84],"product_tag":[],"class_list":{"0":"post-2279","1":"product","2":"type-product","3":"status-publish","4":"has-post-thumbnail","6":"product_brand-aquael","7":"product_cat-accessoires","8":"product_cat-materiel-nourriture","9":"product_shipping_class-materiel-nourriture","10":"pa_puissance-100watts","11":"pa_puissance-150watts","12":"pa_puissance-200watts","13":"pa_puissance-25watts","14":"pa_puissance-250watts","15":"pa_puissance-300watts","16":"pa_puissance-50watts","17":"pa_puissance-75watts","19":"first","20":"instock","21":"taxable","22":"shipping-taxable","23":"purchasable","24":"product-type-variable","25":"has-default-attributes"},"acf":[],"_links":{"self":[{"href":"https:\/\/com-pac.ovh\/preprod2\/wp-json\/wp\/v2\/product\/2279","targetHints":{"allow":["GET"]}}],"collection":[{"href":"https:\/\/com-pac.ovh\/preprod2\/wp-json\/wp\/v2\/product"}],"about":[{"href":"https:\/\/com-pac.ovh\/preprod2\/wp-json\/wp\/v2\/types\/product"}],"replies":[{"embeddable":true,"href":"https:\/\/com-pac.ovh\/preprod2\/wp-json\/wp\/v2\/comments?post=2279"}],"wp:featuredmedia":[{"embeddable":true,"href":"https:\/\/com-pac.ovh\/preprod2\/wp-json\/wp\/v2\/media\/2278"}],"wp:attachment":[{"href":"https:\/\/com-pac.ovh\/preprod2\/wp-json\/wp\/v2\/media?parent=2279"}],"wp:term":[{"taxonomy":"product_brand","embeddable":true,"href":"https:\/\/com-pac.ovh\/preprod2\/wp-json\/wp\/v2\/product_brand?post=2279"},{"taxonomy":"product_cat","embeddable":true,"href":"https:\/\/com-pac.ovh\/preprod2\/wp-json\/wp\/v2\/product_cat?post=2279"},{"taxonomy":"product_tag","embeddable":true,"href":"https:\/\/com-pac.ovh\/preprod2\/wp-json\/wp\/v2\/product_tag?post=2279"}],"curies":[{"name":"wp","href":"https:\/\/api.w.org\/{rel}","templated":true}]}}