
{"id":2362,"date":"2024-03-17T07:37:57","date_gmt":"2024-03-17T06:37:57","guid":{"rendered":"https:\/\/com-pac.ovh\/preprod2\/produit\/mikrogeophagus-altispinosus\/"},"modified":"2025-06-03T11:02:28","modified_gmt":"2025-06-03T09:02:28","slug":"mikrogeophagus-altispinosus","status":"publish","type":"product","link":"https:\/\/com-pac.ovh\/preprod2\/produit\/mikrogeophagus-altispinosus\/","title":{"rendered":"Mikrogeophagus Altispinosus"},"content":{"rendered":"<p>Mikrogeophagus Altispinosus ou ramirezi bolivien ou encore cichlid\u00e9 de bolivie est end\u00e9mique du Rio Madeira. Il est cousin du ramirezi, class\u00e9 parmis les cichlid\u00e9 nain et occupera le bas de l&#8217;aquarium d&#8217;eau douce.<\/p>\n","protected":false},"excerpt":{"rendered":"<p>Ramirezi bolivien<\/p>\n","protected":false},"featured_media":2360,"comment_status":"open","ping_status":"closed","template":"","meta":[],"product_brand":[],"product_cat":[82,824],"product_tag":[],"class_list":{"0":"post-2362","1":"product","2":"type-product","3":"status-publish","4":"has-post-thumbnail","6":"product_cat-poissons-invertebres","7":"product_cat-poissons-deau-douce","8":"product_shipping_class-vivants","9":"pa_continent-amerique-du-sud","10":"pa_famille-cichlidae","11":"pa_genre-mikrogeophagus","12":"pa_gh-3-10-3","13":"pa_origine-amazonie-brsil-et-bolivie","14":"pa_ph-7-0","15":"pa_taillemaximale-5-6cm","16":"pa_type-de-poissons-cichlides-nains","18":"first","19":"instock","20":"taxable","21":"shipping-taxable","22":"purchasable","23":"product-type-simple"},"acf":[],"_links":{"self":[{"href":"https:\/\/com-pac.ovh\/preprod2\/wp-json\/wp\/v2\/product\/2362","targetHints":{"allow":["GET"]}}],"collection":[{"href":"https:\/\/com-pac.ovh\/preprod2\/wp-json\/wp\/v2\/product"}],"about":[{"href":"https:\/\/com-pac.ovh\/preprod2\/wp-json\/wp\/v2\/types\/product"}],"replies":[{"embeddable":true,"href":"https:\/\/com-pac.ovh\/preprod2\/wp-json\/wp\/v2\/comments?post=2362"}],"wp:featuredmedia":[{"embeddable":true,"href":"https:\/\/com-pac.ovh\/preprod2\/wp-json\/wp\/v2\/media\/2360"}],"wp:attachment":[{"href":"https:\/\/com-pac.ovh\/preprod2\/wp-json\/wp\/v2\/media?parent=2362"}],"wp:term":[{"taxonomy":"product_brand","embeddable":true,"href":"https:\/\/com-pac.ovh\/preprod2\/wp-json\/wp\/v2\/product_brand?post=2362"},{"taxonomy":"product_cat","embeddable":true,"href":"https:\/\/com-pac.ovh\/preprod2\/wp-json\/wp\/v2\/product_cat?post=2362"},{"taxonomy":"product_tag","embeddable":true,"href":"https:\/\/com-pac.ovh\/preprod2\/wp-json\/wp\/v2\/product_tag?post=2362"}],"curies":[{"name":"wp","href":"https:\/\/api.w.org\/{rel}","templated":true}]}}