
{"id":2455,"date":"2024-06-13T08:51:33","date_gmt":"2024-06-13T06:51:33","guid":{"rendered":"https:\/\/com-pac.ovh\/preprod2\/produit\/bacteries-de-demarrage-easystart-500ml\/"},"modified":"2025-06-06T11:44:50","modified_gmt":"2025-06-06T09:44:50","slug":"bacteries-de-demarrage-easystart-500ml","status":"publish","type":"product","link":"https:\/\/com-pac.ovh\/preprod2\/produit\/bacteries-de-demarrage-easystart-500ml\/","title":{"rendered":"Bact\u00e9ries de d\u00e9marrage easystart"},"content":{"rendered":"<p>EasyStart est un activateur de filtre<\/p>\n<p>EasyStart est un activateur de filtre. Lors de la mise en marche d\u2019un aquarium d\u2019eau douce ou d\u2019eau de mer, l\u2019eau doit \u00eatre nettoy\u00e9e et stabilis\u00e9e rapidement pour l\u2019adapter aux poissons.<\/p>\n<p>EasyStart est une combinaison unique de cultures bact\u00e9riennes hautement actives. Le porteur de bact\u00e9ries unique acc\u00e9l\u00e8re la multiplication des bact\u00e9ries utiles, de mani\u00e8re \u00e0 \u00e9viter l\u2019apparition de nitrite toxique, entre autres. Il permet aussi de lutter contre l\u2019action des bact\u00e9ries nocives et \u00e9limine les m\u00e9taux lourds et autres pollutions chimiques de l\u2019eau. Au final, il permet d\u2019avoir un aquarium sain avec des poissons vifs et aux couleurs intenses.<\/p>\n","protected":false},"excerpt":{"rendered":"<p>EasyStart est un activateur de filtre. Lors de la mise en marche d\u2019un aquarium d\u2019eau douce ou d\u2019eau de mer, l\u2019eau doit \u00eatre nettoy\u00e9e et stabilis\u00e9e rapidement pour l\u2019adapter aux poissons.<\/p>\n","protected":false},"featured_media":2454,"comment_status":"open","ping_status":"closed","template":"","meta":[],"product_brand":[1596,1594],"product_cat":[37,84,25],"product_tag":[],"class_list":{"0":"post-2455","1":"product","2":"type-product","3":"status-publish","4":"has-post-thumbnail","6":"product_brand-easy-life","7":"product_brand-jbl","8":"product_cat-additifs","9":"product_cat-materiel-nourriture","10":"product_cat-traitements-de-leau","11":"product_shipping_class-materiel-nourriture","12":"pa_contenance-500ml","14":"first","15":"instock","16":"taxable","17":"shipping-taxable","18":"purchasable","19":"product-type-simple"},"acf":[],"_links":{"self":[{"href":"https:\/\/com-pac.ovh\/preprod2\/wp-json\/wp\/v2\/product\/2455","targetHints":{"allow":["GET"]}}],"collection":[{"href":"https:\/\/com-pac.ovh\/preprod2\/wp-json\/wp\/v2\/product"}],"about":[{"href":"https:\/\/com-pac.ovh\/preprod2\/wp-json\/wp\/v2\/types\/product"}],"replies":[{"embeddable":true,"href":"https:\/\/com-pac.ovh\/preprod2\/wp-json\/wp\/v2\/comments?post=2455"}],"wp:featuredmedia":[{"embeddable":true,"href":"https:\/\/com-pac.ovh\/preprod2\/wp-json\/wp\/v2\/media\/2454"}],"wp:attachment":[{"href":"https:\/\/com-pac.ovh\/preprod2\/wp-json\/wp\/v2\/media?parent=2455"}],"wp:term":[{"taxonomy":"product_brand","embeddable":true,"href":"https:\/\/com-pac.ovh\/preprod2\/wp-json\/wp\/v2\/product_brand?post=2455"},{"taxonomy":"product_cat","embeddable":true,"href":"https:\/\/com-pac.ovh\/preprod2\/wp-json\/wp\/v2\/product_cat?post=2455"},{"taxonomy":"product_tag","embeddable":true,"href":"https:\/\/com-pac.ovh\/preprod2\/wp-json\/wp\/v2\/product_tag?post=2455"}],"curies":[{"name":"wp","href":"https:\/\/api.w.org\/{rel}","templated":true}]}}