
{"id":2459,"date":"2024-06-13T09:11:21","date_gmt":"2024-06-13T07:11:21","guid":{"rendered":"https:\/\/com-pac.ovh\/preprod2\/produit\/ph-minus-100ml\/"},"modified":"2025-06-06T10:32:11","modified_gmt":"2025-06-06T08:32:11","slug":"ph-minus-100ml","status":"publish","type":"product","link":"https:\/\/com-pac.ovh\/preprod2\/produit\/ph-minus-100ml\/","title":{"rendered":"Ph Minus 100ml"},"content":{"rendered":"<p>Pour une eau d&#8217;aquarium d&#8217;eau douce adapt\u00e9e aux poissons et aux plantes, pour tortues d&#8217;eau et crevettes.<br \/>\nBaisse rapide du pH gr\u00e2ce \u00e0 l&#8217;extrait naturel de ch\u00eane. Sans phosphate.<br \/>\nLe pH id\u00e9al pour la maintenance de la plupart des poissons et plantes d&#8217;eau douce se situe dans la plage neutre, autour de 7. Conseil : la duret\u00e9 carbonat\u00e9e devrait \u00eatre d&#8217;au moins 4 \u00b0dkH.<br \/>\nUtilisation pour pH >8 : 10 ml pour 40 l d&#8217;eau, pH 7-8 : 10 ml pour 80 l d&#8217;eau, pH <7 : ne pas ajouter de JBL pH-Minus.\nCompris dans la livraison : 1 flacon de pH Minus. Utilisation : 10mlpour 40 l d'eau.\n<\/p>\n","protected":false},"excerpt":{"rendered":"<p>JBL pH-Minus<br \/>\nConditionneur d&#8217;eau pour baisser le pH dans les aquariums d&#8217;eau douce<\/p>\n","protected":false},"featured_media":2458,"comment_status":"open","ping_status":"closed","template":"","meta":[],"product_brand":[1594],"product_cat":[37,84,25],"product_tag":[],"class_list":{"0":"post-2459","1":"product","2":"type-product","3":"status-publish","4":"has-post-thumbnail","6":"product_brand-jbl","7":"product_cat-additifs","8":"product_cat-materiel-nourriture","9":"product_cat-traitements-de-leau","10":"product_shipping_class-materiel-nourriture","11":"pa_contenance-100ml","12":"pa_type-de-poissons-toutes-especes","14":"first","15":"instock","16":"taxable","17":"shipping-taxable","18":"purchasable","19":"product-type-simple"},"acf":[],"_links":{"self":[{"href":"https:\/\/com-pac.ovh\/preprod2\/wp-json\/wp\/v2\/product\/2459","targetHints":{"allow":["GET"]}}],"collection":[{"href":"https:\/\/com-pac.ovh\/preprod2\/wp-json\/wp\/v2\/product"}],"about":[{"href":"https:\/\/com-pac.ovh\/preprod2\/wp-json\/wp\/v2\/types\/product"}],"replies":[{"embeddable":true,"href":"https:\/\/com-pac.ovh\/preprod2\/wp-json\/wp\/v2\/comments?post=2459"}],"wp:featuredmedia":[{"embeddable":true,"href":"https:\/\/com-pac.ovh\/preprod2\/wp-json\/wp\/v2\/media\/2458"}],"wp:attachment":[{"href":"https:\/\/com-pac.ovh\/preprod2\/wp-json\/wp\/v2\/media?parent=2459"}],"wp:term":[{"taxonomy":"product_brand","embeddable":true,"href":"https:\/\/com-pac.ovh\/preprod2\/wp-json\/wp\/v2\/product_brand?post=2459"},{"taxonomy":"product_cat","embeddable":true,"href":"https:\/\/com-pac.ovh\/preprod2\/wp-json\/wp\/v2\/product_cat?post=2459"},{"taxonomy":"product_tag","embeddable":true,"href":"https:\/\/com-pac.ovh\/preprod2\/wp-json\/wp\/v2\/product_tag?post=2459"}],"curies":[{"name":"wp","href":"https:\/\/api.w.org\/{rel}","templated":true}]}}