
{"id":2467,"date":"2024-06-13T10:22:43","date_gmt":"2024-06-13T08:22:43","guid":{"rendered":"https:\/\/com-pac.ovh\/preprod2\/produit\/demarrage-aquarium-denitrol-100ml\/"},"modified":"2025-06-06T10:24:49","modified_gmt":"2025-06-06T08:24:49","slug":"demarrage-aquarium-denitrol-100ml","status":"publish","type":"product","link":"https:\/\/com-pac.ovh\/preprod2\/produit\/demarrage-aquarium-denitrol-100ml\/","title":{"rendered":"D\u00e9marrage aquarium Denitrol 100ml"},"content":{"rendered":"<p>Apporte \u00e0 l\u2019eau d\u2019aquarium des millions de souches bact\u00e9riennes utiles, autotrophes et d\u00e9polluantes qui permettent d\u2019introduire imm\u00e9diatement des poissons. Absolument recommand\u00e9 apr\u00e8s l&#8217;utilisation de m\u00e9dicaments et les nettoyages complets.<br \/>\nBien agiter le flacon, mesurer la quantit\u00e9 ad\u00e9quate dans le couvercle doseur et r\u00e9partir r\u00e9guli\u00e8rement dans l&#8217;aquarium.<br \/>\nCultures de bact\u00e9ries vivantes avec enzymes pour d\u00e9grader les polluants en eau douce, eau saum\u00e2tre, eau de mer. Bact\u00e9ries d\u00e9sactiv\u00e9es pour ne pas consommer de nutriments dans les flacons (NH4, NO2), ni produire de NO3. Activation au contact de l\u2019eau.<br \/>\nAttendre que se forme une population saine de bact\u00e9ries dans l&#8217;aquarium ne suffit pas, car les bact\u00e9ries utiles ne peuvent pas cro\u00eetre dans un aquarium neuf sans pollution de l&#8217;eau. Elles ne se multiplient qu\u2019avec beaucoup de nourriture (NH4, NO2).<br \/>\nCompris dans la livraison : 1 flacon de Denitrol. Utilisation : nouvelle mise en eau et maladie : 10 ml pour 20 l, renouvellement partiel d&#8217;eau : 10 ml pour 300 l d&#8217;eau.<\/p>\n","protected":false},"excerpt":{"rendered":"<p>JBL Denitrol<br \/>\nActivateur de bact\u00e9ries pour l&#8217;introduction de poissons dans les aquariums d&#8217;eau douce et d&#8217;eau de mer<\/p>\n","protected":false},"featured_media":2466,"comment_status":"open","ping_status":"closed","template":"","meta":[],"product_brand":[1594],"product_cat":[37,84,25],"product_tag":[],"class_list":{"0":"post-2467","1":"product","2":"type-product","3":"status-publish","4":"has-post-thumbnail","6":"product_brand-jbl","7":"product_cat-additifs","8":"product_cat-materiel-nourriture","9":"product_cat-traitements-de-leau","10":"product_shipping_class-materiel-nourriture","11":"pa_contenance-100ml","12":"pa_type-de-poissons-toutes-especes","14":"first","15":"instock","16":"taxable","17":"shipping-taxable","18":"purchasable","19":"product-type-simple"},"acf":[],"_links":{"self":[{"href":"https:\/\/com-pac.ovh\/preprod2\/wp-json\/wp\/v2\/product\/2467","targetHints":{"allow":["GET"]}}],"collection":[{"href":"https:\/\/com-pac.ovh\/preprod2\/wp-json\/wp\/v2\/product"}],"about":[{"href":"https:\/\/com-pac.ovh\/preprod2\/wp-json\/wp\/v2\/types\/product"}],"replies":[{"embeddable":true,"href":"https:\/\/com-pac.ovh\/preprod2\/wp-json\/wp\/v2\/comments?post=2467"}],"wp:featuredmedia":[{"embeddable":true,"href":"https:\/\/com-pac.ovh\/preprod2\/wp-json\/wp\/v2\/media\/2466"}],"wp:attachment":[{"href":"https:\/\/com-pac.ovh\/preprod2\/wp-json\/wp\/v2\/media?parent=2467"}],"wp:term":[{"taxonomy":"product_brand","embeddable":true,"href":"https:\/\/com-pac.ovh\/preprod2\/wp-json\/wp\/v2\/product_brand?post=2467"},{"taxonomy":"product_cat","embeddable":true,"href":"https:\/\/com-pac.ovh\/preprod2\/wp-json\/wp\/v2\/product_cat?post=2467"},{"taxonomy":"product_tag","embeddable":true,"href":"https:\/\/com-pac.ovh\/preprod2\/wp-json\/wp\/v2\/product_tag?post=2467"}],"curies":[{"name":"wp","href":"https:\/\/api.w.org\/{rel}","templated":true}]}}