
{"id":4029,"date":"2024-11-23T10:23:31","date_gmt":"2024-11-23T09:23:31","guid":{"rendered":"https:\/\/com-pac.ovh\/preprod2\/produit\/pseudocrenilabrus-multicolor\/"},"modified":"2025-06-02T16:15:35","modified_gmt":"2025-06-02T14:15:35","slug":"pseudocrenilabrus-multicolor","status":"publish","type":"product","link":"https:\/\/com-pac.ovh\/preprod2\/produit\/pseudocrenilabrus-multicolor\/","title":{"rendered":"Pseudocrenilabrus multicolor"},"content":{"rendered":"<p>Le Pseudocrenilabrus multicolor, ou cichlid\u00e9 multicolore, est un poisson d\u2019eau douce originaire des lacs africains comme le Tanganyika et le Malawi. Mesurant entre 8 et 12 cm, il s\u00e9duit par ses couleurs \u00e9clatantes m\u00ealant bleu, vert, jaune et rouge. Territorial et social, il vit en petits groupes, les m\u00e2les \u00e9tant plus color\u00e9s et dominants, surtout en p\u00e9riode de reproduction. Dans son habitat naturel, il pr\u00e9f\u00e8re les zones rocheuses et les eaux douces l\u00e9g\u00e8rement acides. Incubateur buccal, la femelle prot\u00e8ge les \u0153ufs et les alevins dans sa bouche jusqu\u2019\u00e0 leur autonomie. En aquarium, il n\u00e9cessite un espace bien structur\u00e9 avec des cachettes, une temp\u00e9rature de 24 \u00e0 28\u202f\u00b0C et un pH neutre \u00e0 l\u00e9g\u00e8rement acide. Mieux vaut maintenir un m\u00e2le avec plusieurs femelles pour \u00e9viter l\u2019agressivit\u00e9. Ce poisson color\u00e9 et fascinant demande un entretien adapt\u00e9 pour s\u2019\u00e9panouir pleinement.<\/p>\n","protected":false},"excerpt":{"rendered":"<p>Le **Pseudocrenilabrus multicolor**, commun\u00e9ment appel\u00e9 le &#8220;cichlid\u00e9 multicolore&#8221;, est un poisson d&#8217;eau douce appartenant \u00e0 la famille des Cichlid\u00e9s. Ce poisson est principalement originaire des lacs et rivi\u00e8res d&#8217;Afrique, notamment du lac Tanganyika et du lac Malawi.<\/p>\n","protected":false},"featured_media":4028,"comment_status":"open","ping_status":"closed","template":"","meta":[],"product_brand":[],"product_cat":[82,824],"product_tag":[],"class_list":{"0":"post-4029","1":"product","2":"type-product","3":"status-publish","4":"has-post-thumbnail","6":"product_cat-poissons-invertebres","7":"product_cat-poissons-deau-douce","8":"pa_continent-afrique","9":"pa_famille-cichlidae","10":"pa_genre-pseudocrenilabrus","11":"pa_gh-5-15-3","12":"pa_origine-afrique-de-lest","13":"pa_ph-6-5-7-5-3","14":"pa_taillemaximale-8cm","15":"pa_type-de-poissons-cichlides-africains","16":"pa_volumeminimum-80l","18":"first","19":"instock","20":"taxable","21":"shipping-taxable","22":"purchasable","23":"product-type-simple"},"acf":[],"_links":{"self":[{"href":"https:\/\/com-pac.ovh\/preprod2\/wp-json\/wp\/v2\/product\/4029","targetHints":{"allow":["GET"]}}],"collection":[{"href":"https:\/\/com-pac.ovh\/preprod2\/wp-json\/wp\/v2\/product"}],"about":[{"href":"https:\/\/com-pac.ovh\/preprod2\/wp-json\/wp\/v2\/types\/product"}],"replies":[{"embeddable":true,"href":"https:\/\/com-pac.ovh\/preprod2\/wp-json\/wp\/v2\/comments?post=4029"}],"wp:featuredmedia":[{"embeddable":true,"href":"https:\/\/com-pac.ovh\/preprod2\/wp-json\/wp\/v2\/media\/4028"}],"wp:attachment":[{"href":"https:\/\/com-pac.ovh\/preprod2\/wp-json\/wp\/v2\/media?parent=4029"}],"wp:term":[{"taxonomy":"product_brand","embeddable":true,"href":"https:\/\/com-pac.ovh\/preprod2\/wp-json\/wp\/v2\/product_brand?post=4029"},{"taxonomy":"product_cat","embeddable":true,"href":"https:\/\/com-pac.ovh\/preprod2\/wp-json\/wp\/v2\/product_cat?post=4029"},{"taxonomy":"product_tag","embeddable":true,"href":"https:\/\/com-pac.ovh\/preprod2\/wp-json\/wp\/v2\/product_tag?post=4029"}],"curies":[{"name":"wp","href":"https:\/\/api.w.org\/{rel}","templated":true}]}}