
{"id":4275,"date":"2025-05-15T13:22:18","date_gmt":"2025-05-15T11:22:18","guid":{"rendered":"https:\/\/com-pac.ovh\/preprod2\/produit\/amatitlania-nigrofasciatus\/"},"modified":"2025-06-13T11:05:38","modified_gmt":"2025-06-13T09:05:38","slug":"amatitlania-nigrofasciatus","status":"publish","type":"product","link":"https:\/\/com-pac.ovh\/preprod2\/produit\/amatitlania-nigrofasciatus\/","title":{"rendered":"Amatitlania Nigrofasciatus"},"content":{"rendered":"<p>Ce cichlid\u00e9 arbore de belles rayures noires verticales qui lui ont valu son nom de \u00ab\u202fconvict\u202f\u00bb. Sa taille modeste (environ 10 \u00e0 12\u202fcm) et son comportement territorial en font un poisson appr\u00e9ci\u00e9 des aquariophiles exp\u00e9riment\u00e9s, surtout pour son temp\u00e9rament vif et ses soins parentaux exceptionnels. Il pr\u00e9f\u00e8re les milieux rocheux et les cachettes, et s\u2019adapte bien aux aquariums bien plant\u00e9s et am\u00e9nag\u00e9s.<\/p>\n","protected":false},"excerpt":{"rendered":"<p>Amatitlania nigrofasciatus, aussi connu sous le nom de cichlid\u00e9 z\u00e9br\u00e9 ou cichlid\u00e9 convicte, est un poisson d\u2019eau douce originaire d\u2019Am\u00e9rique centrale, notamment du Honduras, du Guatemala et du Salvador.<\/p>\n","protected":false},"featured_media":5563,"comment_status":"open","ping_status":"closed","template":"","meta":[],"product_brand":[],"product_cat":[82,824],"product_tag":[],"class_list":{"0":"post-4275","1":"product","2":"type-product","3":"status-publish","4":"has-post-thumbnail","6":"product_cat-poissons-invertebres","7":"product_cat-poissons-deau-douce","9":"first","10":"instock","11":"taxable","12":"shipping-taxable","13":"purchasable","14":"product-type-simple"},"acf":[],"_links":{"self":[{"href":"https:\/\/com-pac.ovh\/preprod2\/wp-json\/wp\/v2\/product\/4275","targetHints":{"allow":["GET"]}}],"collection":[{"href":"https:\/\/com-pac.ovh\/preprod2\/wp-json\/wp\/v2\/product"}],"about":[{"href":"https:\/\/com-pac.ovh\/preprod2\/wp-json\/wp\/v2\/types\/product"}],"replies":[{"embeddable":true,"href":"https:\/\/com-pac.ovh\/preprod2\/wp-json\/wp\/v2\/comments?post=4275"}],"wp:featuredmedia":[{"embeddable":true,"href":"https:\/\/com-pac.ovh\/preprod2\/wp-json\/wp\/v2\/media\/5563"}],"wp:attachment":[{"href":"https:\/\/com-pac.ovh\/preprod2\/wp-json\/wp\/v2\/media?parent=4275"}],"wp:term":[{"taxonomy":"product_brand","embeddable":true,"href":"https:\/\/com-pac.ovh\/preprod2\/wp-json\/wp\/v2\/product_brand?post=4275"},{"taxonomy":"product_cat","embeddable":true,"href":"https:\/\/com-pac.ovh\/preprod2\/wp-json\/wp\/v2\/product_cat?post=4275"},{"taxonomy":"product_tag","embeddable":true,"href":"https:\/\/com-pac.ovh\/preprod2\/wp-json\/wp\/v2\/product_tag?post=4275"}],"curies":[{"name":"wp","href":"https:\/\/api.w.org\/{rel}","templated":true}]}}