
{"id":4554,"date":"2025-05-15T13:22:56","date_gmt":"2025-05-15T11:22:56","guid":{"rendered":"https:\/\/com-pac.ovh\/preprod2\/produit\/tanichthys-albonubes\/"},"modified":"2025-06-24T14:42:17","modified_gmt":"2025-06-24T12:42:17","slug":"tanichthys-albonubes","status":"publish","type":"product","link":"https:\/\/com-pac.ovh\/preprod2\/produit\/tanichthys-albonubes\/","title":{"rendered":"Tanichthys albonubes"},"content":{"rendered":"<p>Le Tanichtys albonubes autrement appel\u00e9 le n\u00e9on du pauvre est un poisson d&#8217;aquarium d&#8217;eau douce vivant en banc \u00e0 mi profondeur et proche de la surface.<br \/>\nPetit poisson appel\u00e9 couramment n\u00e9on du pauvre vivant en banc.<\/p>\n","protected":false},"excerpt":{"rendered":"<p>Le Tanichtys albonubes autrement appel\u00e9 le n\u00e9on du pauvre est un poisson d&#8217;aquarium d&#8217;eau douce vivant en banc \u00e0 mi profondeur et proche de la surface. Petit poisson appel\u00e9 couramment n\u00e9on du pauvre vivant en banc.<\/p>\n","protected":false},"featured_media":5496,"comment_status":"open","ping_status":"closed","template":"","meta":[],"product_brand":[],"product_cat":[82,824],"product_tag":[1555],"class_list":{"0":"post-4554","1":"product","2":"type-product","3":"status-publish","4":"has-post-thumbnail","6":"product_cat-poissons-invertebres","7":"product_cat-poissons-deau-douce","8":"product_tag-new","9":"pa_continent-asie","10":"pa_gh-5-15-3","11":"pa_ph-6-0-8-0-4","12":"pa_taillemaximale-5cm","13":"pa_volumeminimum-40l","15":"first","16":"instock","17":"taxable","18":"shipping-taxable","19":"purchasable","20":"product-type-variable","21":"has-default-attributes"},"acf":[],"_links":{"self":[{"href":"https:\/\/com-pac.ovh\/preprod2\/wp-json\/wp\/v2\/product\/4554","targetHints":{"allow":["GET"]}}],"collection":[{"href":"https:\/\/com-pac.ovh\/preprod2\/wp-json\/wp\/v2\/product"}],"about":[{"href":"https:\/\/com-pac.ovh\/preprod2\/wp-json\/wp\/v2\/types\/product"}],"replies":[{"embeddable":true,"href":"https:\/\/com-pac.ovh\/preprod2\/wp-json\/wp\/v2\/comments?post=4554"}],"wp:featuredmedia":[{"embeddable":true,"href":"https:\/\/com-pac.ovh\/preprod2\/wp-json\/wp\/v2\/media\/5496"}],"wp:attachment":[{"href":"https:\/\/com-pac.ovh\/preprod2\/wp-json\/wp\/v2\/media?parent=4554"}],"wp:term":[{"taxonomy":"product_brand","embeddable":true,"href":"https:\/\/com-pac.ovh\/preprod2\/wp-json\/wp\/v2\/product_brand?post=4554"},{"taxonomy":"product_cat","embeddable":true,"href":"https:\/\/com-pac.ovh\/preprod2\/wp-json\/wp\/v2\/product_cat?post=4554"},{"taxonomy":"product_tag","embeddable":true,"href":"https:\/\/com-pac.ovh\/preprod2\/wp-json\/wp\/v2\/product_tag?post=4554"}],"curies":[{"name":"wp","href":"https:\/\/api.w.org\/{rel}","templated":true}]}}