
{"id":4563,"date":"2025-05-15T13:22:57","date_gmt":"2025-05-15T11:22:57","guid":{"rendered":"https:\/\/com-pac.ovh\/preprod2\/produit\/trichopodus-leerii\/"},"modified":"2025-06-24T14:16:53","modified_gmt":"2025-06-24T12:16:53","slug":"trichopodus-leerii","status":"publish","type":"product","link":"https:\/\/com-pac.ovh\/preprod2\/produit\/trichopodus-leerii\/","title":{"rendered":"Trichopodus Leerii"},"content":{"rendered":"<p>Trichopodus leerii ou gourami perl\u00e9 de la famille des Osphronemidae est un poisson originaire d&#8217;Asie. Poisson g\u00e9n\u00e9ralement Gr\u00e9gaire il a la particularit\u00e9 de se reproduire en cr\u00e9ant un nid de bulles. paisible avec ses cong\u00e9n\u00e8re dans l&#8217;aquarium d&#8217;eau douce. De la famille des gouramis, le gourami perl\u00e9 originaire d&#8217;asie est un poisson paisible.<\/p>\n","protected":false},"excerpt":{"rendered":"<p>Trichopodus leerii ou gourami perl\u00e9 de la famille des Osphronemidae est un poisson originaire d&#8217;Asie. Poisson g\u00e9n\u00e9ralement Gr\u00e9gaire il a la particularit\u00e9 de se reproduire en cr\u00e9ant un nid de bulles. paisible avec ses cong\u00e9n\u00e8re dans l&#8217;aquarium d&#8217;eau douce. De la famille des gouramis, le gourami perl\u00e9 originaire d&#8217;asie est un poisson paisible.<\/p>\n","protected":false},"featured_media":5486,"comment_status":"open","ping_status":"closed","template":"","meta":[],"product_brand":[],"product_cat":[82,824],"product_tag":[1555],"class_list":{"0":"post-4563","1":"product","2":"type-product","3":"status-publish","4":"has-post-thumbnail","6":"product_cat-poissons-invertebres","7":"product_cat-poissons-deau-douce","8":"product_tag-new","9":"pa_continent-asie","10":"pa_ph-6-0-7-5-4","11":"pa_taillemaximale-10a12cm","12":"pa_volumeminimum-150l","14":"first","15":"instock","16":"taxable","17":"shipping-taxable","18":"purchasable","19":"product-type-simple"},"acf":[],"_links":{"self":[{"href":"https:\/\/com-pac.ovh\/preprod2\/wp-json\/wp\/v2\/product\/4563","targetHints":{"allow":["GET"]}}],"collection":[{"href":"https:\/\/com-pac.ovh\/preprod2\/wp-json\/wp\/v2\/product"}],"about":[{"href":"https:\/\/com-pac.ovh\/preprod2\/wp-json\/wp\/v2\/types\/product"}],"replies":[{"embeddable":true,"href":"https:\/\/com-pac.ovh\/preprod2\/wp-json\/wp\/v2\/comments?post=4563"}],"wp:featuredmedia":[{"embeddable":true,"href":"https:\/\/com-pac.ovh\/preprod2\/wp-json\/wp\/v2\/media\/5486"}],"wp:attachment":[{"href":"https:\/\/com-pac.ovh\/preprod2\/wp-json\/wp\/v2\/media?parent=4563"}],"wp:term":[{"taxonomy":"product_brand","embeddable":true,"href":"https:\/\/com-pac.ovh\/preprod2\/wp-json\/wp\/v2\/product_brand?post=4563"},{"taxonomy":"product_cat","embeddable":true,"href":"https:\/\/com-pac.ovh\/preprod2\/wp-json\/wp\/v2\/product_cat?post=4563"},{"taxonomy":"product_tag","embeddable":true,"href":"https:\/\/com-pac.ovh\/preprod2\/wp-json\/wp\/v2\/product_tag?post=4563"}],"curies":[{"name":"wp","href":"https:\/\/api.w.org\/{rel}","templated":true}]}}